Last updated on 2025-11-04 03:50:55 CET.
| Flavor | Version | Tinstall | Tcheck | Ttotal | Status | Flags | 
|---|---|---|---|---|---|---|
| r-devel-linux-x86_64-debian-clang | 0.22-7 | 15.36 | 177.36 | 192.72 | OK | |
| r-devel-linux-x86_64-debian-gcc | 0.22-7 | 9.95 | 114.53 | 124.48 | OK | |
| r-devel-linux-x86_64-fedora-clang | 0.22-7 | 79.00 | 242.37 | 321.37 | OK | |
| r-devel-linux-x86_64-fedora-gcc | 0.22-7 | 34.00 | 258.02 | 292.02 | OK | |
| r-devel-windows-x86_64 | 0.22-7 | 22.00 | 188.00 | 210.00 | OK | |
| r-patched-linux-x86_64 | 0.22-7 | 19.95 | 164.56 | 184.51 | OK | |
| r-release-linux-x86_64 | 0.22-7 | 14.01 | 165.79 | 179.80 | OK | |
| r-release-macos-arm64 | 0.22-7 | 14.00 | 103.00 | 117.00 | OK | |
| r-release-macos-x86_64 | 0.22-7 | 29.00 | 276.00 | 305.00 | OK | |
| r-release-windows-x86_64 | 0.22-7 | 1.00 | 5.00 | 6.00 | ERROR | |
| r-oldrel-macos-arm64 | 0.22-7 | 14.00 | 127.00 | 141.00 | OK | |
| r-oldrel-macos-x86_64 | 0.22-7 | 30.00 | 275.00 | 305.00 | OK | |
| r-oldrel-windows-x86_64 | 0.22-7 | 23.00 | 235.00 | 258.00 | OK | 
Version: 0.22-7
Check: whether package can be installed
Result: ERROR
  Installation failed.
Flavor: r-release-windows-x86_64