Last updated on 2025-04-30 04:50:09 CEST.
Flavor | Version | Tinstall | Tcheck | Ttotal | Status | Flags |
---|---|---|---|---|---|---|
r-devel-linux-x86_64-debian-clang | 0.1-0 | 8.09 | 136.00 | 144.09 | NOTE | |
r-devel-linux-x86_64-debian-gcc | 0.1-0 | 6.17 | 88.45 | 94.62 | NOTE | |
r-devel-linux-x86_64-fedora-clang | 0.1-0 | 226.98 | OK | |||
r-devel-linux-x86_64-fedora-gcc | 0.1-0 | 219.17 | OK | |||
r-devel-windows-x86_64 | 0.1-0 | 10.00 | 138.00 | 148.00 | OK | |
r-patched-linux-x86_64 | 0.1-0 | 10.21 | 128.18 | 138.39 | OK | |
r-release-linux-x86_64 | 0.1-0 | 8.21 | 127.48 | 135.69 | OK | |
r-release-macos-arm64 | 0.1-0 | 59.00 | OK | |||
r-release-macos-x86_64 | 0.1-0 | 126.00 | OK | |||
r-release-windows-x86_64 | 0.1-0 | 10.00 | 130.00 | 140.00 | OK | |
r-oldrel-macos-arm64 | 0.1-0 | 55.00 | OK | |||
r-oldrel-macos-x86_64 | 0.1-0 | 124.00 | OK | |||
r-oldrel-windows-x86_64 | 0.1-0 | 12.00 | 178.00 | 190.00 | OK |
Version: 0.1-0
Check: examples
Result: NOTE
Examples with CPU (user + system) or elapsed time > 5s
user system elapsed
lavTestLRT.mi 12.675 0.203 16.523
lavaan.mi-class 12.282 0.033 15.427
lavResiduals.mi 11.453 0.067 14.878
lavTestScore.mi 10.998 0.005 12.793
poolSat 9.866 0.018 11.943
modindices.mi 6.774 0.019 8.014
lavaan.mi 6.202 0.016 8.098
lavTestWald.mi 5.466 0.013 6.547
Flavor: r-devel-linux-x86_64-debian-clang
Version: 0.1-0
Check: examples
Result: NOTE
Examples with CPU (user + system) or elapsed time > 5s
user system elapsed
lavTestLRT.mi 7.761 0.055 10.299
lavaan.mi-class 7.499 0.059 9.060
lavResiduals.mi 7.037 0.067 8.788
lavTestScore.mi 7.065 0.025 8.534
poolSat 6.299 0.047 7.849
modindices.mi 4.356 0.059 5.356
Flavor: r-devel-linux-x86_64-debian-gcc