Last updated on 2025-04-30 04:50:09 CEST.
Flavor | Version | Tinstall | Tcheck | Ttotal | Status | Flags |
---|---|---|---|---|---|---|
r-devel-linux-x86_64-debian-clang | 0.2.1 | 3.20 | 76.92 | 80.12 | NOTE | |
r-devel-linux-x86_64-debian-gcc | 0.2.1 | 2.28 | 54.05 | 56.33 | OK | |
r-devel-linux-x86_64-fedora-clang | 0.2.1 | 129.08 | OK | |||
r-devel-linux-x86_64-fedora-gcc | 0.2.1 | 139.02 | OK | |||
r-devel-windows-x86_64 | 0.2.1 | 4.00 | 90.00 | 94.00 | OK | |
r-patched-linux-x86_64 | 0.2.1 | 3.27 | 70.58 | 73.85 | OK | |
r-release-linux-x86_64 | 0.2.1 | 3.03 | 70.43 | 73.46 | OK | |
r-release-macos-arm64 | 0.2.1 | 54.00 | OK | |||
r-release-macos-x86_64 | 0.2.1 | 88.00 | OK | |||
r-release-windows-x86_64 | 0.2.1 | 5.00 | 88.00 | 93.00 | OK | |
r-oldrel-macos-arm64 | 0.2.1 | 50.00 | OK | |||
r-oldrel-macos-x86_64 | 0.2.1 | 137.00 | OK | |||
r-oldrel-windows-x86_64 | 0.2.1 | 6.00 | 112.00 | 118.00 | OK |
Version: 0.2.1
Check: examples
Result: NOTE
Examples with CPU (user + system) or elapsed time > 5s
user system elapsed
nice_tidySEM 5.024 0.196 5.51
Flavor: r-devel-linux-x86_64-debian-clang