Last updated on 2025-02-21 03:52:16 CET.
Flavor | Version | Tinstall | Tcheck | Ttotal | Status | Flags |
---|---|---|---|---|---|---|
r-devel-linux-x86_64-debian-clang | 0.2-2 | 30.44 | 61.99 | 92.43 | NOTE | |
r-devel-linux-x86_64-debian-gcc | 0.2-2 | 20.33 | 42.58 | 62.91 | NOTE | |
r-devel-linux-x86_64-fedora-clang | 0.2-2 | 169.92 | NOTE | |||
r-devel-linux-x86_64-fedora-gcc | 0.2-2 | 165.42 | NOTE | |||
r-devel-macos-arm64 | 0.2-2 | 48.00 | OK | |||
r-devel-macos-x86_64 | 0.2-2 | 96.00 | NOTE | |||
r-devel-windows-x86_64 | 0.2-2 | 34.00 | 113.00 | 147.00 | NOTE | |
r-patched-linux-x86_64 | 0.2-2 | 29.14 | 55.56 | 84.70 | OK | |
r-release-linux-x86_64 | 0.2-2 | 29.94 | 56.31 | 86.25 | OK | |
r-release-macos-arm64 | 0.2-2 | 63.00 | OK | |||
r-release-macos-x86_64 | 0.2-2 | 142.00 | OK | |||
r-release-windows-x86_64 | 0.2-2 | 33.00 | 111.00 | 144.00 | OK | |
r-oldrel-macos-arm64 | 0.2-2 | 64.00 | OK | |||
r-oldrel-macos-x86_64 | 0.2-2 | 167.00 | OK | |||
r-oldrel-windows-x86_64 | 0.2-2 | 40.00 | 132.00 | 172.00 | OK |
Version: 0.2-2
Check: DESCRIPTION meta-information
Result: NOTE
Missing dependency on R >= 4.1.0 because package code uses the pipe
|> or function shorthand \(...) syntax added in R 4.1.0.
File(s) using such syntax:
‘00methods.R’ ‘creg_datalist.R’ ‘creg_input.R’ ‘creg_partable.R’
‘creg_startvals.r’
Flavors: r-devel-linux-x86_64-debian-clang, r-devel-linux-x86_64-debian-gcc, r-devel-linux-x86_64-fedora-clang, r-devel-linux-x86_64-fedora-gcc, r-devel-macos-x86_64, r-devel-windows-x86_64