CRAN Package Check Results for Package lavacreg

Last updated on 2025-04-30 04:50:09 CEST.

Flavor Version Tinstall Tcheck Ttotal Status Flags
r-devel-linux-x86_64-debian-clang 0.2-2 29.67 63.24 92.91 NOTE
r-devel-linux-x86_64-debian-gcc 0.2-2 21.27 41.64 62.91 NOTE
r-devel-linux-x86_64-fedora-clang 0.2-2 168.28 NOTE
r-devel-linux-x86_64-fedora-gcc 0.2-2 168.52 NOTE
r-devel-windows-x86_64 0.2-2 37.00 117.00 154.00 NOTE
r-patched-linux-x86_64 0.2-2 29.71 58.03 87.74 NOTE
r-release-linux-x86_64 0.2-2 29.86 58.21 88.07 NOTE
r-release-macos-arm64 0.2-2 53.00 NOTE
r-release-macos-x86_64 0.2-2 91.00 NOTE
r-release-windows-x86_64 0.2-2 36.00 112.00 148.00 NOTE
r-oldrel-macos-arm64 0.2-2 63.00 OK
r-oldrel-macos-x86_64 0.2-2 142.00 OK
r-oldrel-windows-x86_64 0.2-2 41.00 133.00 174.00 OK

Check Details

Version: 0.2-2
Check: DESCRIPTION meta-information
Result: NOTE Missing dependency on R >= 4.1.0 because package code uses the pipe |> or function shorthand \(...) syntax added in R 4.1.0. File(s) using such syntax: ‘00methods.R’ ‘creg_datalist.R’ ‘creg_input.R’ ‘creg_partable.R’ ‘creg_startvals.r’ Flavors: r-devel-linux-x86_64-debian-clang, r-devel-linux-x86_64-debian-gcc, r-devel-linux-x86_64-fedora-clang, r-devel-linux-x86_64-fedora-gcc, r-devel-windows-x86_64, r-patched-linux-x86_64, r-release-linux-x86_64, r-release-macos-arm64, r-release-macos-x86_64, r-release-windows-x86_64