Last updated on 2025-04-29 04:50:07 CEST.
Flavor | Version | Tinstall | Tcheck | Ttotal | Status | Flags |
---|---|---|---|---|---|---|
r-devel-linux-x86_64-debian-clang | 1.2.3 | 6.61 | 185.05 | 191.66 | OK | |
r-devel-linux-x86_64-debian-gcc | 1.2.3 | 4.06 | 122.04 | 126.10 | NOTE | |
r-devel-linux-x86_64-fedora-clang | 1.2.3 | 353.78 | OK | |||
r-devel-linux-x86_64-fedora-gcc | 1.2.3 | 363.23 | OK | |||
r-devel-windows-x86_64 | 1.2.3 | 8.00 | 213.00 | 221.00 | OK | |
r-patched-linux-x86_64 | 1.2.3 | 8.15 | 179.16 | 187.31 | OK | |
r-release-linux-x86_64 | 1.2.3 | 4.46 | 178.94 | 183.40 | OK | |
r-release-macos-arm64 | 1.2.3 | 86.00 | OK | |||
r-release-macos-x86_64 | 1.2.3 | 213.00 | OK | |||
r-release-windows-x86_64 | 1.2.3 | 7.00 | 214.00 | 221.00 | OK | |
r-oldrel-macos-arm64 | 1.2.3 | 81.00 | OK | |||
r-oldrel-macos-x86_64 | 1.2.3 | 138.00 | OK | |||
r-oldrel-windows-x86_64 | 1.2.3 | 11.00 | 269.00 | 280.00 | OK |
Version: 1.2.3
Check: examples
Result: NOTE
Examples with CPU (user + system) or elapsed time > 5s
user system elapsed
extRemes 4.325 0.093 5.342
Flavor: r-devel-linux-x86_64-debian-gcc