Last updated on 2025-04-30 04:50:09 CEST.
Flavor | Version | Tinstall | Tcheck | Ttotal | Status | Flags |
---|---|---|---|---|---|---|
r-devel-linux-x86_64-debian-clang | 0.5.4 | 5.18 | 54.79 | 59.97 | NOTE | |
r-devel-linux-x86_64-debian-gcc | 0.5.4 | 3.17 | 41.69 | 44.86 | NOTE | |
r-devel-linux-x86_64-fedora-clang | 0.5.4 | 87.55 | OK | |||
r-devel-linux-x86_64-fedora-gcc | 0.5.4 | 83.14 | OK | |||
r-devel-windows-x86_64 | 0.5.4 | 8.00 | 92.00 | 100.00 | OK | |
r-patched-linux-x86_64 | 0.5.4 | 6.34 | 51.16 | 57.50 | OK | |
r-release-linux-x86_64 | 0.5.4 | 3.73 | 50.81 | 54.54 | OK | |
r-release-macos-arm64 | 0.5.4 | 34.00 | OK | |||
r-release-macos-x86_64 | 0.5.4 | 53.00 | OK | |||
r-release-windows-x86_64 | 0.5.4 | 8.00 | 86.00 | 94.00 | OK | |
r-oldrel-macos-arm64 | 0.5.4 | 31.00 | OK | |||
r-oldrel-macos-x86_64 | 0.5.4 | 64.00 | OK | |||
r-oldrel-windows-x86_64 | 0.5.4 | 8.00 | 99.00 | 107.00 | OK |
Version: 0.5.4
Check: CRAN incoming feasibility
Result: NOTE
Maintainer: ‘Vladimir Zhbanko <vladimir.zhbanko@gmail.com>’
No Authors@R field in DESCRIPTION.
Please add one, modifying
Authors@R: person(given = "Vladimir",
family = "Zhbanko",
role = c("aut", "cre"),
email = "vladimir.zhbanko@gmail.com")
as necessary.
Flavors: r-devel-linux-x86_64-debian-clang, r-devel-linux-x86_64-debian-gcc
Version: 0.5.4
Check: examples
Result: NOTE
Examples with CPU (user + system) or elapsed time > 5s
user system elapsed
mt_stat_transf 5.235 0.032 6.406
Flavor: r-devel-linux-x86_64-debian-clang