CRAN Package Check Results for Package lba

Last updated on 2025-04-30 04:50:09 CEST.

Flavor Version Tinstall Tcheck Ttotal Status Flags
r-devel-linux-x86_64-debian-clang 2.4.52 12.37 68.50 80.87 NOTE
r-devel-linux-x86_64-debian-gcc 2.4.52 7.86 47.93 55.79 NOTE
r-devel-linux-x86_64-fedora-clang 2.4.52 126.35 OK
r-devel-linux-x86_64-fedora-gcc 2.4.52 120.21 OK
r-devel-windows-x86_64 2.4.52 13.00 78.00 91.00 OK
r-patched-linux-x86_64 2.4.52 11.10 64.83 75.93 OK
r-release-linux-x86_64 2.4.52 9.59 63.75 73.34 OK
r-release-macos-arm64 2.4.52 38.00 OK
r-release-macos-x86_64 2.4.52 58.00 OK
r-release-windows-x86_64 2.4.52 13.00 83.00 96.00 OK
r-oldrel-macos-arm64 2.4.52 34.00 OK
r-oldrel-macos-x86_64 2.4.52 58.00 OK
r-oldrel-windows-x86_64 2.4.52 17.00 95.00 112.00 OK

Check Details

Version: 2.4.52
Check: CRAN incoming feasibility
Result: NOTE Maintainer: ‘Ivan Bezerra Allaman <iballaman@uesc.br>’ No Authors@R field in DESCRIPTION. Please add one, modifying Authors@R: c(person(given = c("Enio", "G."), family = "Jelihovschi", role = "aut", email = "eniojelihovs@gmail.com"), person(given = c("Ivan", "Bezerra"), family = "Allaman", role = c("aut", "cre"), email = "iballaman@uesc.br")) as necessary. Flavors: r-devel-linux-x86_64-debian-clang, r-devel-linux-x86_64-debian-gcc