CRAN Package Check Results for Package lcc

Last updated on 2025-04-30 04:50:09 CEST.

Flavor Version Tinstall Tcheck Ttotal Status Flags
r-devel-linux-x86_64-debian-clang 1.1.4 9.82 69.70 79.52 NOTE
r-devel-linux-x86_64-debian-gcc 1.1.4 5.85 47.48 53.33 NOTE
r-devel-linux-x86_64-fedora-clang 1.1.4 120.93 OK
r-devel-linux-x86_64-fedora-gcc 1.1.4 107.70 OK
r-devel-windows-x86_64 1.1.4 11.00 96.00 107.00 NOTE
r-patched-linux-x86_64 1.1.4 10.71 64.99 75.70 NOTE
r-release-linux-x86_64 1.1.4 9.57 64.99 74.56 NOTE
r-release-macos-arm64 1.1.4 39.00 OK
r-release-macos-x86_64 1.1.4 62.00 OK
r-release-windows-x86_64 1.1.4 12.00 91.00 103.00 NOTE
r-oldrel-macos-arm64 1.1.4 34.00 OK
r-oldrel-macos-x86_64 1.1.4 50.00 OK
r-oldrel-windows-x86_64 1.1.4 15.00 109.00 124.00 OK

Check Details

Version: 1.1.4
Check: CRAN incoming feasibility
Result: NOTE Maintainer: ‘Thiago de Paula Oliveira <thiago.paula.oliveira@alumni.usp.br>’ Package CITATION file contains call(s) to old-style citEntry(). Please use bibentry() instead. Flavors: r-devel-linux-x86_64-debian-clang, r-devel-linux-x86_64-debian-gcc

Version: 1.1.4
Check: Rd cross-references
Result: NOTE Found the following Rd file(s) with Rd \link{} targets missing package anchors: anova.lcc.Rd: anova.lme, nlme coef.lcc.Rd: nlme getVarCov.lcc.Rd: nlme lcc.Rd: nlme logLik.lcc.Rd: nlme print.anova.lcc.Rd: anova.lme, nlme ranef.lcc.Rd: nlme residuals.lcc.Rd: nlme vcov.lcc.Rd: nlme Please provide package anchors for all Rd \link{} targets not in the package itself and the base packages. Flavors: r-devel-linux-x86_64-debian-clang, r-devel-linux-x86_64-debian-gcc, r-devel-windows-x86_64, r-patched-linux-x86_64, r-release-linux-x86_64, r-release-windows-x86_64