Last updated on 2025-04-30 04:50:09 CEST.
Flavor | Version | Tinstall | Tcheck | Ttotal | Status | Flags |
---|---|---|---|---|---|---|
r-devel-linux-x86_64-debian-clang | 0.1.0 | 9.58 | 77.02 | 86.60 | NOTE | |
r-devel-linux-x86_64-debian-gcc | 0.1.0 | 6.45 | 57.11 | 63.56 | NOTE | |
r-devel-linux-x86_64-fedora-clang | 0.1.0 | 134.39 | OK | |||
r-devel-linux-x86_64-fedora-gcc | 0.1.0 | 142.18 | OK | |||
r-devel-windows-x86_64 | 0.1.0 | 11.00 | 91.00 | 102.00 | OK | |
r-patched-linux-x86_64 | 0.1.0 | 9.69 | 72.83 | 82.52 | OK | |
r-release-linux-x86_64 | 0.1.0 | 9.28 | 73.13 | 82.41 | OK | |
r-release-macos-arm64 | 0.1.0 | 51.00 | OK | |||
r-release-macos-x86_64 | 0.1.0 | 107.00 | OK | |||
r-release-windows-x86_64 | 0.1.0 | 10.00 | 89.00 | 99.00 | OK | |
r-oldrel-macos-arm64 | 0.1.0 | 45.00 | OK | |||
r-oldrel-macos-x86_64 | 0.1.0 | 81.00 | OK | |||
r-oldrel-windows-x86_64 | 0.1.0 | 12.00 | 107.00 | 119.00 | OK |
Version: 0.1.0
Check: CRAN incoming feasibility
Result: NOTE
Maintainer: ‘Weimin Zhang <zhangwm@hotmail.com>’
Found the following URLs which should use \doi (with the DOI name only):
File ‘JLchemix.Rd’:
https://doi.org/10.1111/biom.12972
File ‘sampledata.Rd’:
https://doi.org/10.1111/biom.12972
Flavors: r-devel-linux-x86_64-debian-clang, r-devel-linux-x86_64-debian-gcc
Version: 0.1.0
Check: examples
Result: NOTE
Examples with CPU (user + system) or elapsed time > 5s
user system elapsed
JLchemix 4.836 0.021 6.048
Flavor: r-devel-linux-x86_64-debian-clang