Last updated on 2025-04-30 04:50:09 CEST.
Flavor | Version | Tinstall | Tcheck | Ttotal | Status | Flags |
---|---|---|---|---|---|---|
r-devel-linux-x86_64-debian-clang | 0.1.2 | 9.88 | 33.84 | 43.72 | NOTE | |
r-devel-linux-x86_64-debian-gcc | 0.1.2 | 7.18 | 26.03 | 33.21 | NOTE | |
r-devel-linux-x86_64-fedora-clang | 0.1.2 | 74.38 | OK | |||
r-devel-linux-x86_64-fedora-gcc | 0.1.2 | 70.83 | OK | |||
r-devel-windows-x86_64 | 0.1.2 | 14.00 | 77.00 | 91.00 | OK | |
r-patched-linux-x86_64 | 0.1.2 | 9.91 | 32.72 | 42.63 | OK | |
r-release-linux-x86_64 | 0.1.2 | 9.85 | 33.17 | 43.02 | OK | |
r-release-macos-arm64 | 0.1.2 | 33.00 | OK | |||
r-release-macos-x86_64 | 0.1.2 | 56.00 | OK | |||
r-release-windows-x86_64 | 0.1.2 | 16.00 | 76.00 | 92.00 | OK | |
r-oldrel-macos-arm64 | 0.1.2 | 26.00 | OK | |||
r-oldrel-macos-x86_64 | 0.1.2 | 43.00 | OK | |||
r-oldrel-windows-x86_64 | 0.1.2 | 16.00 | 86.00 | 102.00 | OK |
Version: 0.1.2
Check: examples
Result: NOTE
Examples with CPU (user + system) or elapsed time > 5s
user system elapsed
patch_imp 7.754 0.069 8.904
Flavor: r-devel-linux-x86_64-debian-clang
Version: 0.1.2
Check: examples
Result: NOTE
Examples with CPU (user + system) or elapsed time > 5s
user system elapsed
patch_imp 5.322 0.064 5.676
Flavor: r-devel-linux-x86_64-debian-gcc