Last updated on 2025-04-30 04:50:09 CEST.
Flavor | Version | Tinstall | Tcheck | Ttotal | Status | Flags |
---|---|---|---|---|---|---|
r-devel-linux-x86_64-debian-clang | 1.0.4 | 6.21 | 36.90 | 43.11 | NOTE | |
r-devel-linux-x86_64-debian-gcc | 1.0.4 | 4.24 | 26.57 | 30.81 | NOTE | |
r-devel-linux-x86_64-fedora-clang | 1.0.4 | 67.50 | OK | |||
r-devel-linux-x86_64-fedora-gcc | 1.0.4 | 63.47 | OK | |||
r-devel-windows-x86_64 | 1.0.4 | 7.00 | 57.00 | 64.00 | OK | |
r-patched-linux-x86_64 | 1.0.4 | 5.36 | 34.66 | 40.02 | OK | |
r-release-linux-x86_64 | 1.0.4 | 5.73 | 34.66 | 40.39 | OK | |
r-release-macos-arm64 | 1.0.4 | 28.00 | OK | |||
r-release-macos-x86_64 | 1.0.4 | 59.00 | OK | |||
r-release-windows-x86_64 | 1.0.4 | 7.00 | 55.00 | 62.00 | OK | |
r-oldrel-macos-arm64 | 1.0.4 | 22.00 | NOTE | |||
r-oldrel-macos-x86_64 | 1.0.4 | 32.00 | NOTE | |||
r-oldrel-windows-x86_64 | 1.0.4 | 8.00 | 63.00 | 71.00 | NOTE |
Version: 1.0.4
Check: CRAN incoming feasibility
Result: NOTE
Maintainer: ‘Chun-Yu Liu <john401528@gmail.com>’
No Authors@R field in DESCRIPTION.
Please add one, modifying
Authors@R: c(person(given = "Chun-Yu",
family = "Liu",
role = c("aut", "cph", "cre"),
email = "john401528@gmail.com"),
person(given = "Shu-Nung",
family = "Yao",
role = c("rev", "ths")))
as necessary.
Flavors: r-devel-linux-x86_64-debian-clang, r-devel-linux-x86_64-debian-gcc
Version: 1.0.4
Check: LazyData
Result: NOTE
'LazyData' is specified without a 'data' directory
Flavors: r-oldrel-macos-arm64, r-oldrel-macos-x86_64, r-oldrel-windows-x86_64