Last updated on 2025-04-30 04:50:09 CEST.
Flavor | Version | Tinstall | Tcheck | Ttotal | Status | Flags |
---|---|---|---|---|---|---|
r-devel-linux-x86_64-debian-clang | 1.0.4 | 26.92 | 319.17 | 346.09 | NOTE | |
r-devel-linux-x86_64-debian-gcc | 1.0.4 | 20.62 | 181.68 | 202.30 | NOTE | |
r-devel-linux-x86_64-fedora-clang | 1.0.4 | 511.99 | OK | |||
r-devel-linux-x86_64-fedora-gcc | 1.0.4 | 495.54 | OK | |||
r-devel-windows-x86_64 | 1.0.4 | 33.00 | 270.00 | 303.00 | OK | |
r-patched-linux-x86_64 | 1.0.4 | 29.31 | 242.01 | 271.32 | OK | |
r-release-linux-x86_64 | 1.0.4 | 26.17 | 240.23 | 266.40 | OK | |
r-release-macos-arm64 | 1.0.4 | 117.00 | OK | |||
r-release-macos-x86_64 | 1.0.4 | 199.00 | OK | |||
r-release-windows-x86_64 | 1.0.4 | 33.00 | 275.00 | 308.00 | OK | |
r-oldrel-macos-arm64 | 1.0.4 | 112.00 | OK | |||
r-oldrel-macos-x86_64 | 1.0.4 | 225.00 | OK | |||
r-oldrel-windows-x86_64 | 1.0.4 | 41.00 | 371.00 | 412.00 | OK |
Version: 1.0.4
Check: examples
Result: NOTE
Examples with CPU (user + system) or elapsed time > 5s
user system elapsed
extract_covars 7.240 0.200 9.513
train_mark_model 6.478 0.312 5.777
Flavor: r-devel-linux-x86_64-debian-clang
Version: 1.0.4
Check: examples
Result: NOTE
Examples with CPU (user + system) or elapsed time > 5s
user system elapsed
extract_covars 4.09 0.317 5.15
Flavor: r-devel-linux-x86_64-debian-gcc