Last updated on 2025-04-30 04:50:09 CEST.
Flavor | Version | Tinstall | Tcheck | Ttotal | Status | Flags |
---|---|---|---|---|---|---|
r-devel-linux-x86_64-debian-clang | 2.1.5 | 84.36 | 103.09 | 187.45 | NOTE | |
r-devel-linux-x86_64-debian-gcc | 2.1.5 | 57.73 | 72.72 | 130.45 | NOTE | |
r-devel-linux-x86_64-fedora-clang | 2.1.5 | 359.57 | NOTE | |||
r-devel-linux-x86_64-fedora-gcc | 2.1.5 | 331.17 | NOTE | |||
r-devel-windows-x86_64 | 2.1.5 | 96.00 | 168.00 | 264.00 | NOTE | |
r-patched-linux-x86_64 | 2.1.5 | 85.13 | 94.53 | 179.66 | NOTE | |
r-release-linux-x86_64 | 2.1.5 | 83.66 | 95.76 | 179.42 | NOTE | |
r-release-macos-arm64 | 2.1.5 | 136.00 | NOTE | |||
r-release-macos-x86_64 | 2.1.5 | 194.00 | NOTE | |||
r-release-windows-x86_64 | 2.1.5 | 97.00 | 161.00 | 258.00 | NOTE | |
r-oldrel-macos-arm64 | 2.1.5 | 84.00 | NOTE | |||
r-oldrel-macos-x86_64 | 2.1.5 | 107.00 | NOTE | |||
r-oldrel-windows-x86_64 | 2.1.5 | 108.00 | 187.00 | 295.00 | NOTE |
Version: 2.1.5
Check: C++ specification
Result: NOTE
Specified C++11: please drop specification unless essential
Flavors: r-devel-linux-x86_64-debian-clang, r-devel-linux-x86_64-debian-gcc, r-devel-linux-x86_64-fedora-clang, r-devel-linux-x86_64-fedora-gcc, r-devel-windows-x86_64, r-patched-linux-x86_64, r-release-linux-x86_64, r-release-macos-arm64, r-release-macos-x86_64, r-release-windows-x86_64, r-oldrel-macos-arm64, r-oldrel-macos-x86_64, r-oldrel-windows-x86_64
Version: 2.1.5
Check: installed package size
Result: NOTE
installed size is 5.7Mb
sub-directories of 1Mb or more:
libs 5.0Mb
Flavors: r-oldrel-macos-arm64, r-oldrel-macos-x86_64