Last updated on 2025-04-30 04:50:09 CEST.
Flavor | Version | Tinstall | Tcheck | Ttotal | Status | Flags |
---|---|---|---|---|---|---|
r-devel-linux-x86_64-debian-clang | 0.0.2 | 34.00 | 63.12 | 97.12 | NOTE | |
r-devel-linux-x86_64-debian-gcc | 0.0.2 | 21.93 | 46.02 | 67.95 | NOTE | |
r-devel-linux-x86_64-fedora-clang | 0.0.2 | 153.17 | NOTE | |||
r-devel-linux-x86_64-fedora-gcc | 0.0.2 | 165.77 | NOTE | |||
r-devel-windows-x86_64 | 0.0.2 | 38.00 | 106.00 | 144.00 | NOTE | |
r-patched-linux-x86_64 | 0.0.2 | 32.35 | 58.37 | 90.72 | NOTE | |
r-release-linux-x86_64 | 0.0.2 | 34.32 | 57.80 | 92.12 | NOTE | |
r-release-macos-arm64 | 0.0.2 | 54.00 | NOTE | |||
r-release-macos-x86_64 | 0.0.2 | 115.00 | NOTE | |||
r-release-windows-x86_64 | 0.0.2 | 38.00 | 100.00 | 138.00 | NOTE | |
r-oldrel-macos-arm64 | 0.0.2 | 48.00 | NOTE | |||
r-oldrel-macos-x86_64 | 0.0.2 | 102.00 | NOTE | |||
r-oldrel-windows-x86_64 | 0.0.2 | 42.00 | 120.00 | 162.00 | NOTE |
Version: 0.0.2
Check: C++ specification
Result: NOTE
Specified C++11: please drop specification unless essential
Flavors: r-devel-linux-x86_64-debian-clang, r-devel-linux-x86_64-debian-gcc, r-devel-linux-x86_64-fedora-clang, r-devel-linux-x86_64-fedora-gcc, r-devel-windows-x86_64, r-patched-linux-x86_64, r-release-linux-x86_64, r-release-macos-arm64, r-release-macos-x86_64, r-release-windows-x86_64, r-oldrel-macos-arm64, r-oldrel-macos-x86_64, r-oldrel-windows-x86_64
Version: 0.0.2
Check: package subdirectories
Result: NOTE
Problems with news in ‘NEWS.md’:
No news entries found.
Flavors: r-devel-linux-x86_64-debian-clang, r-devel-linux-x86_64-debian-gcc, r-devel-linux-x86_64-fedora-clang, r-devel-linux-x86_64-fedora-gcc, r-devel-windows-x86_64, r-patched-linux-x86_64, r-release-linux-x86_64, r-release-macos-arm64, r-release-macos-x86_64, r-release-windows-x86_64, r-oldrel-macos-arm64, r-oldrel-macos-x86_64, r-oldrel-windows-x86_64