Last updated on 2025-04-30 04:50:09 CEST.
Flavor | Version | Tinstall | Tcheck | Ttotal | Status | Flags |
---|---|---|---|---|---|---|
r-devel-linux-x86_64-debian-clang | 0.5.3 | 341.37 | 77.35 | 418.72 | OK | |
r-devel-linux-x86_64-debian-gcc | 0.5.3 | 251.12 | 55.13 | 306.25 | OK | |
r-devel-linux-x86_64-fedora-clang | 0.5.3 | 840.11 | OK | |||
r-devel-linux-x86_64-fedora-gcc | 0.5.3 | 842.98 | OK | |||
r-devel-windows-x86_64 | 0.5.3 | 423.00 | 158.00 | 581.00 | OK | |
r-patched-linux-x86_64 | 0.5.3 | 355.95 | 72.51 | 428.46 | OK | |
r-release-linux-x86_64 | 0.5.3 | 353.89 | 72.22 | 426.11 | OK | |
r-release-macos-arm64 | 0.5.3 | 180.00 | OK | |||
r-release-macos-x86_64 | 0.5.3 | 190.00 | OK | |||
r-release-windows-x86_64 | 0.5.3 | 425.00 | 150.00 | 575.00 | OK | |
r-oldrel-macos-arm64 | 0.5.3 | 208.00 | NOTE | |||
r-oldrel-macos-x86_64 | 0.5.3 | 244.00 | NOTE | |||
r-oldrel-windows-x86_64 | 0.5.3 | 475.00 | 182.00 | 657.00 | OK |
Version: 0.5.3
Check: installed package size
Result: NOTE
installed size is 26.2Mb
sub-directories of 1Mb or more:
libs 24.8Mb
Flavors: r-oldrel-macos-arm64, r-oldrel-macos-x86_64