Last updated on 2025-04-30 04:50:09 CEST.
Flavor | Version | Tinstall | Tcheck | Ttotal | Status | Flags |
---|---|---|---|---|---|---|
r-devel-linux-x86_64-debian-clang | 0.1.0 | 5.27 | 113.59 | 118.86 | NOTE | |
r-devel-linux-x86_64-debian-gcc | 0.1.0 | 3.74 | 74.00 | 77.74 | NOTE | |
r-devel-linux-x86_64-fedora-clang | 0.1.0 | 182.57 | OK | |||
r-devel-linux-x86_64-fedora-gcc | 0.1.0 | 195.42 | OK | |||
r-devel-windows-x86_64 | 0.1.0 | 6.00 | 137.00 | 143.00 | NOTE | |
r-patched-linux-x86_64 | 0.1.0 | 5.62 | 107.08 | 112.70 | NOTE | |
r-release-linux-x86_64 | 0.1.0 | 5.26 | 106.06 | 111.32 | NOTE | |
r-release-macos-arm64 | 0.1.0 | 59.00 | OK | |||
r-release-macos-x86_64 | 0.1.0 | 134.00 | OK | |||
r-release-windows-x86_64 | 0.1.0 | 6.00 | 132.00 | 138.00 | NOTE | |
r-oldrel-macos-arm64 | 0.1.0 | 55.00 | OK | |||
r-oldrel-macos-x86_64 | 0.1.0 | 100.00 | OK | |||
r-oldrel-windows-x86_64 | 0.1.0 | 8.00 | 163.00 | 171.00 | OK |
Version: 0.1.0
Check: Rd cross-references
Result: NOTE
Found the following Rd file(s) with Rd \link{} targets missing package
anchors:
layer.Rd: R6Class
leabRa.Rd: R6Class
network.Rd: R6Class
unit.Rd: R6Class
Please provide package anchors for all Rd \link{} targets not in the
package itself and the base packages.
Flavors: r-devel-linux-x86_64-debian-clang, r-devel-linux-x86_64-debian-gcc, r-devel-windows-x86_64, r-patched-linux-x86_64, r-release-linux-x86_64, r-release-windows-x86_64