Last updated on 2025-02-22 05:51:39 CET.
Flavor | Version | Tinstall | Tcheck | Ttotal | Status | Flags |
---|---|---|---|---|---|---|
r-devel-linux-x86_64-debian-clang | 0.3.5 | 29.60 | 253.23 | 282.83 | NOTE | |
r-devel-linux-x86_64-debian-gcc | 0.3.5 | 18.20 | 157.77 | 175.97 | NOTE | |
r-devel-linux-x86_64-fedora-clang | 0.3.5 | 438.92 | NOTE | |||
r-devel-linux-x86_64-fedora-gcc | 0.3.5 | 424.08 | NOTE | |||
r-devel-macos-arm64 | 0.3.5 | 88.00 | NOTE | |||
r-devel-macos-x86_64 | 0.3.5 | 250.00 | NOTE | |||
r-devel-windows-x86_64 | 0.3.5 | 23.00 | 203.00 | 226.00 | NOTE | |
r-patched-linux-x86_64 | 0.3.5 | 25.20 | 232.88 | 258.08 | NOTE | |
r-release-linux-x86_64 | 0.3.5 | 25.90 | 229.56 | 255.46 | NOTE | |
r-release-macos-arm64 | 0.3.5 | 88.00 | NOTE | |||
r-release-macos-x86_64 | 0.3.5 | 156.00 | NOTE | |||
r-release-windows-x86_64 | 0.3.5 | 24.00 | 203.00 | 227.00 | NOTE | |
r-oldrel-macos-arm64 | 0.3.5 | 109.00 | NOTE | |||
r-oldrel-macos-x86_64 | 0.3.5 | 193.00 | NOTE | |||
r-oldrel-windows-x86_64 | 0.3.5 | 33.00 | 262.00 | 295.00 | NOTE |
Version: 0.3.5
Check: package subdirectories
Result: NOTE
Problems with news in ‘NEWS.md’:
Cannot extract version info from the following section titles:
light.interception.voxels() - This function create the Fraction absorbed incident light
light.interception.raster() - Create a raster of Fraction absorbed incident light
light.incident.voxels() - This function create the Fraction incident light
light.incident.raster() - Create a raster of the Fraction incident light
Flavors: r-devel-linux-x86_64-debian-clang, r-devel-linux-x86_64-debian-gcc, r-devel-linux-x86_64-fedora-clang, r-devel-linux-x86_64-fedora-gcc, r-devel-macos-arm64, r-devel-macos-x86_64, r-devel-windows-x86_64, r-patched-linux-x86_64, r-release-linux-x86_64, r-release-macos-arm64, r-release-macos-x86_64, r-release-windows-x86_64, r-oldrel-macos-arm64, r-oldrel-macos-x86_64, r-oldrel-windows-x86_64