CRAN Package Check Results for Package learningr

Last updated on 2025-11-03 03:49:45 CET.

Flavor Version Tinstall Tcheck Ttotal Status Flags
r-devel-linux-x86_64-debian-clang 0.29.1 1.59 21.58 23.17 NOTE
r-devel-linux-x86_64-debian-gcc 0.29.1 1.56 17.41 18.97 NOTE
r-devel-linux-x86_64-fedora-clang 0.29.1 34.81 OK
r-devel-linux-x86_64-fedora-gcc 0.29.1 31.88 OK
r-devel-windows-x86_64 0.29.1 3.00 41.00 44.00 OK
r-patched-linux-x86_64 0.29.1 1.27 19.71 20.98 OK
r-release-linux-x86_64 0.29.1 1.73 19.80 21.53 OK
r-release-macos-arm64 0.29.1 1.00 16.00 17.00 OK
r-release-macos-x86_64 0.29.1 2.00 27.00 29.00 OK
r-release-windows-x86_64 0.29.1 3.00 39.00 42.00 OK
r-oldrel-macos-arm64 0.29.1 1.00 14.00 15.00 OK
r-oldrel-macos-x86_64 0.29.1 2.00 19.00 21.00 OK
r-oldrel-windows-x86_64 0.29.1 4.00 46.00 50.00 OK

Check Details

Version: 0.29.1
Check: CRAN incoming feasibility
Result: NOTE Maintainer: ‘Richie Cotton <richierocks@gmail.com>’ No Authors@R field in DESCRIPTION. Please add one, modifying Authors@R: person(given = "Richie", family = "Cotton", role = c("aut", "cre"), email = "richierocks@gmail.com") as necessary. Flavors: r-devel-linux-x86_64-debian-clang, r-devel-linux-x86_64-debian-gcc