Last updated on 2025-04-30 04:50:09 CEST.
Flavor | Version | Tinstall | Tcheck | Ttotal | Status | Flags |
---|---|---|---|---|---|---|
r-devel-linux-x86_64-debian-clang | 6.4.0 | 1211.98 | 205.23 | 1417.21 | OK | |
r-devel-linux-x86_64-debian-gcc | 6.4.0 | 599.60 | 143.16 | 742.76 | OK | |
r-devel-linux-x86_64-fedora-clang | 6.4.0 | 1569.18 | OK | |||
r-devel-linux-x86_64-fedora-gcc | 6.4.0 | 1736.33 | OK | |||
r-devel-windows-x86_64 | 6.4.0 | 632.00 | 277.00 | 909.00 | OK | |
r-patched-linux-x86_64 | 6.4.0 | 823.63 | 195.88 | 1019.51 | OK | |
r-release-linux-x86_64 | 6.4.0 | 807.82 | 196.60 | 1004.42 | OK | |
r-release-macos-arm64 | 6.4.0 | 541.00 | OK | |||
r-release-macos-x86_64 | 6.4.0 | 600.00 | OK | |||
r-release-windows-x86_64 | 6.4.0 | 616.00 | 280.00 | 896.00 | OK | |
r-oldrel-macos-arm64 | 6.4.0 | 409.00 | NOTE | |||
r-oldrel-macos-x86_64 | 6.4.0 | 512.00 | NOTE | |||
r-oldrel-windows-x86_64 | 6.4.0 | 928.00 | 358.00 | 1286.00 | NOTE |
Version: 6.4.0
Check: installed package size
Result: NOTE
installed size is 74.6Mb
sub-directories of 1Mb or more:
doc 2.5Mb
libs 70.2Mb
Flavors: r-oldrel-macos-arm64, r-oldrel-macos-x86_64, r-oldrel-windows-x86_64