Last updated on 2025-04-30 04:50:09 CEST.
Flavor | Version | Tinstall | Tcheck | Ttotal | Status | Flags |
---|---|---|---|---|---|---|
r-devel-linux-x86_64-debian-clang | 0.2.1 | 55.05 | 472.74 | 527.79 | NOTE | |
r-devel-linux-x86_64-debian-gcc | 0.2.1 | 42.54 | 278.79 | 321.33 | NOTE | |
r-devel-linux-x86_64-fedora-clang | 0.2.1 | 829.94 | OK | |||
r-devel-linux-x86_64-fedora-gcc | 0.2.1 | 831.73 | OK | |||
r-devel-windows-x86_64 | 0.2.1 | 65.00 | 385.00 | 450.00 | OK | |
r-patched-linux-x86_64 | 0.2.1 | 65.79 | 418.96 | 484.75 | OK | |
r-release-linux-x86_64 | 0.2.1 | 60.38 | 455.69 | 516.07 | OK | |
r-release-macos-arm64 | 0.2.1 | 308.00 | OK | |||
r-release-macos-x86_64 | 0.2.1 | 525.00 | OK | |||
r-release-windows-x86_64 | 0.2.1 | 65.00 | 359.00 | 424.00 | OK | |
r-oldrel-macos-arm64 | 0.2.1 | 172.00 | NOTE | |||
r-oldrel-macos-x86_64 | 0.2.1 | 329.00 | NOTE | |||
r-oldrel-windows-x86_64 | 0.2.1 | 74.00 | 547.00 | 621.00 | NOTE |
Version: 0.2.1
Check: examples
Result: NOTE
Examples with CPU (user + system) or elapsed time > 5s
user system elapsed
ves 8.02 0.006 8.779
Flavor: r-devel-linux-x86_64-debian-clang
Version: 0.2.1
Check: examples
Result: NOTE
Examples with CPU (user + system) or elapsed time > 5s
user system elapsed
ves 4.262 0.007 5.481
Flavor: r-devel-linux-x86_64-debian-gcc
Version: 0.2.1
Check: installed package size
Result: NOTE
installed size is 6.0Mb
sub-directories of 1Mb or more:
libs 4.9Mb
Flavors: r-oldrel-macos-arm64, r-oldrel-macos-x86_64
Version: 0.2.1
Check: package dependencies
Result: NOTE
Package suggested but not available for checking: 'doMC'
Flavor: r-oldrel-windows-x86_64