CRAN Package Check Results for Package leidenAlg

Last updated on 2025-04-30 04:50:09 CEST.

Flavor Version Tinstall Tcheck Ttotal Status Flags
r-devel-linux-x86_64-debian-clang 1.1.5 184.92 88.27 273.19 OK
r-devel-linux-x86_64-debian-gcc 1.1.5 137.25 63.06 200.31 OK
r-devel-windows-x86_64 1.1.5 301.00 121.00 422.00 OK
r-patched-linux-x86_64 1.1.5 191.30 81.79 273.09 OK
r-release-linux-x86_64 1.1.5 189.62 82.07 271.69 OK
r-release-macos-arm64 1.1.5 98.00 OK
r-release-macos-x86_64 1.1.5 151.00 OK
r-release-windows-x86_64 1.1.5 300.00 120.00 420.00 OK
r-oldrel-macos-arm64 1.1.5 121.00 NOTE
r-oldrel-macos-x86_64 1.1.5 145.00 NOTE
r-oldrel-windows-x86_64 1.1.5 353.00 148.00 501.00 NOTE

Check Details

Version: 1.1.5
Check: for GNU extensions in Makefiles
Result: NOTE GNU make is a SystemRequirements. Flavors: r-oldrel-macos-arm64, r-oldrel-macos-x86_64, r-oldrel-windows-x86_64