Last updated on 2025-04-30 04:50:09 CEST.
Flavor | Version | Tinstall | Tcheck | Ttotal | Status | Flags |
---|---|---|---|---|---|---|
r-devel-linux-x86_64-debian-clang | 0.1.35 | 210.41 | 36.63 | 247.04 | OK | |
r-devel-linux-x86_64-debian-gcc | 0.1.35 | 158.33 | 28.95 | 187.28 | OK | |
r-devel-linux-x86_64-fedora-clang | 0.1.35 | 458.37 | OK | |||
r-devel-linux-x86_64-fedora-gcc | 0.1.35 | 437.66 | OK | |||
r-devel-windows-x86_64 | 0.1.35 | 453.00 | 98.00 | 551.00 | OK | |
r-patched-linux-x86_64 | 0.1.35 | 203.30 | 35.71 | 239.01 | OK | |
r-release-linux-x86_64 | 0.1.35 | 207.33 | 35.46 | 242.79 | OK | |
r-release-macos-arm64 | 0.1.35 | 124.00 | OK | |||
r-release-macos-x86_64 | 0.1.35 | 163.00 | OK | |||
r-release-windows-x86_64 | 0.1.35 | 456.00 | 105.00 | 561.00 | OK | |
r-oldrel-macos-arm64 | 0.1.35 | 129.00 | NOTE | |||
r-oldrel-macos-x86_64 | 0.1.35 | 163.00 | NOTE | |||
r-oldrel-windows-x86_64 | 0.1.35 | 468.00 | 113.00 | 581.00 | NOTE |
Version: 0.1.35
Check: installed package size
Result: NOTE
installed size is 16.1Mb
sub-directories of 1Mb or more:
libs 15.7Mb
Flavors: r-oldrel-macos-arm64, r-oldrel-macos-x86_64, r-oldrel-windows-x86_64