Last updated on 2025-11-03 03:49:45 CET.
| Flavor | Version | Tinstall | Tcheck | Ttotal | Status | Flags | 
|---|---|---|---|---|---|---|
| r-devel-linux-x86_64-debian-clang | 0.0.3 | 2.50 | 27.88 | 30.38 | NOTE | |
| r-devel-linux-x86_64-debian-gcc | 0.0.3 | 1.78 | 22.15 | 23.93 | NOTE | |
| r-devel-linux-x86_64-fedora-clang | 0.0.3 | 12.00 | 32.62 | 44.62 | OK | |
| r-devel-linux-x86_64-fedora-gcc | 0.0.3 | 40.54 | OK | |||
| r-devel-windows-x86_64 | 0.0.3 | 4.00 | 53.00 | 57.00 | OK | |
| r-patched-linux-x86_64 | 0.0.3 | 3.21 | 24.79 | 28.00 | OK | |
| r-release-linux-x86_64 | 0.0.3 | 2.50 | 24.51 | 27.01 | OK | |
| r-release-macos-arm64 | 0.0.3 | 2.00 | 35.00 | 37.00 | OK | |
| r-release-macos-x86_64 | 0.0.3 | 4.00 | 41.00 | 45.00 | OK | |
| r-release-windows-x86_64 | 0.0.3 | 5.00 | 51.00 | 56.00 | OK | |
| r-oldrel-macos-arm64 | 0.0.3 | 1.00 | 16.00 | 17.00 | NOTE | |
| r-oldrel-macos-x86_64 | 0.0.3 | 2.00 | 22.00 | 24.00 | NOTE | |
| r-oldrel-windows-x86_64 | 0.0.3 | 6.00 | 59.00 | 65.00 | NOTE | 
Version: 0.0.3
Check: CRAN incoming feasibility
Result: NOTE
  Maintainer: ‘Chris Hammill <cfhammill@gmail.com>’
  
  Found the following (possibly) invalid file URI:
    URI: www.schoolofhaskell.com/school/to-infinity-and-beyond/pick-of-the-week/a-little-lens-starter-tutorial
      From: README.md
Flavors: r-devel-linux-x86_64-debian-clang, r-devel-linux-x86_64-debian-gcc
Version: 0.0.3
Check: LazyData
Result: NOTE
    'LazyData' is specified without a 'data' directory
Flavors: r-oldrel-macos-arm64, r-oldrel-macos-x86_64, r-oldrel-windows-x86_64