Last updated on 2025-04-30 04:50:09 CEST.
Flavor | Version | Tinstall | Tcheck | Ttotal | Status | Flags |
---|---|---|---|---|---|---|
r-devel-linux-x86_64-debian-clang | 0.0.3 | 2.60 | 25.62 | 28.22 | NOTE | |
r-devel-linux-x86_64-debian-gcc | 0.0.3 | 1.82 | 19.89 | 21.71 | NOTE | |
r-devel-linux-x86_64-fedora-clang | 0.0.3 | 41.63 | OK | |||
r-devel-linux-x86_64-fedora-gcc | 0.0.3 | 40.03 | OK | |||
r-devel-windows-x86_64 | 0.0.3 | 4.00 | 57.00 | 61.00 | OK | |
r-patched-linux-x86_64 | 0.0.3 | 3.26 | 23.09 | 26.35 | OK | |
r-release-linux-x86_64 | 0.0.3 | 2.62 | 23.06 | 25.68 | OK | |
r-release-macos-arm64 | 0.0.3 | 37.00 | OK | |||
r-release-macos-x86_64 | 0.0.3 | 45.00 | OK | |||
r-release-windows-x86_64 | 0.0.3 | 4.00 | 57.00 | 61.00 | OK | |
r-oldrel-macos-arm64 | 0.0.3 | 17.00 | NOTE | |||
r-oldrel-macos-x86_64 | 0.0.3 | 24.00 | NOTE | |||
r-oldrel-windows-x86_64 | 0.0.3 | 5.00 | 58.00 | 63.00 | NOTE |
Version: 0.0.3
Check: CRAN incoming feasibility
Result: NOTE
Maintainer: ‘Chris Hammill <cfhammill@gmail.com>’
Found the following (possibly) invalid file URI:
URI: www.schoolofhaskell.com/school/to-infinity-and-beyond/pick-of-the-week/a-little-lens-starter-tutorial
From: README.md
Flavors: r-devel-linux-x86_64-debian-clang, r-devel-linux-x86_64-debian-gcc
Version: 0.0.3
Check: LazyData
Result: NOTE
'LazyData' is specified without a 'data' directory
Flavors: r-oldrel-macos-arm64, r-oldrel-macos-x86_64, r-oldrel-windows-x86_64