Last updated on 2025-04-30 04:50:09 CEST.
Flavor | Version | Tinstall | Tcheck | Ttotal | Status | Flags |
---|---|---|---|---|---|---|
r-devel-linux-x86_64-debian-clang | 0.1.0 | 33.72 | 127.15 | 160.87 | NOTE | |
r-devel-linux-x86_64-debian-gcc | 0.1.0 | 22.42 | 93.25 | 115.67 | NOTE | |
r-devel-linux-x86_64-fedora-clang | 0.1.0 | 241.44 | NOTE | |||
r-devel-linux-x86_64-fedora-gcc | 0.1.0 | 228.85 | NOTE | |||
r-devel-windows-x86_64 | 0.1.0 | 29.00 | 141.00 | 170.00 | OK | |
r-patched-linux-x86_64 | 0.1.0 | 28.85 | 120.78 | 149.63 | OK | |
r-release-linux-x86_64 | 0.1.0 | 28.89 | 121.29 | 150.18 | OK | |
r-release-macos-arm64 | 0.1.0 | 63.00 | OK | |||
r-release-macos-x86_64 | 0.1.0 | 116.00 | OK | |||
r-release-windows-x86_64 | 0.1.0 | 30.00 | 139.00 | 169.00 | OK | |
r-oldrel-macos-arm64 | 0.1.0 | 61.00 | OK | |||
r-oldrel-macos-x86_64 | 0.1.0 | 90.00 | OK | |||
r-oldrel-windows-x86_64 | 0.1.0 | 42.00 | 175.00 | 217.00 | OK |
Version: 0.1.0
Check: CRAN incoming feasibility
Result: NOTE
Maintainer: ‘Burhan Ozer Cavdar <bcavdar17@ku.edu.tr>’
The Description field contains
<arXiv:2112.06251>.
Please refer to arXiv e-prints via their arXiv DOI <doi:10.48550/arXiv.YYMM.NNNNN>.
Flavors: r-devel-linux-x86_64-debian-clang, r-devel-linux-x86_64-debian-gcc
Version: 0.1.0
Check: examples
Result: NOTE
Examples with CPU (user + system) or elapsed time > 5s
user system elapsed
LESSClassifier 4.905 0.05 6.220
LESSRegressor 4.464 0.12 5.328
Flavor: r-devel-linux-x86_64-debian-clang
Version: 0.1.0
Check: dependencies in R code
Result: NOTE
Namespace in Imports field not imported from: ‘R6’
All declared Imports should be used.
Flavors: r-devel-linux-x86_64-fedora-clang, r-devel-linux-x86_64-fedora-gcc