Last updated on 2025-04-30 04:50:10 CEST.
Flavor | Version | Tinstall | Tcheck | Ttotal | Status | Flags |
---|---|---|---|---|---|---|
r-devel-linux-x86_64-debian-clang | 0.5.2 | 10.91 | 34.15 | 45.06 | NOTE | |
r-devel-linux-x86_64-debian-gcc | 0.5.2 | 7.52 | 26.42 | 33.94 | NOTE | |
r-devel-linux-x86_64-fedora-clang | 0.5.2 | 75.18 | OK | |||
r-devel-linux-x86_64-fedora-gcc | 0.5.2 | 84.44 | OK | |||
r-devel-windows-x86_64 | 0.5.2 | 16.00 | 76.00 | 92.00 | OK | |
r-patched-linux-x86_64 | 0.5.2 | 11.17 | 31.51 | 42.68 | OK | |
r-release-linux-x86_64 | 0.5.2 | 10.99 | 31.73 | 42.72 | OK | |
r-release-macos-arm64 | 0.5.2 | 50.00 | OK | |||
r-release-macos-x86_64 | 0.5.2 | 68.00 | OK | |||
r-release-windows-x86_64 | 0.5.2 | 17.00 | 73.00 | 90.00 | OK | |
r-oldrel-macos-arm64 | 0.5.2 | 33.00 | OK | |||
r-oldrel-macos-x86_64 | 0.5.2 | 63.00 | OK | |||
r-oldrel-windows-x86_64 | 0.5.2 | 17.00 | 82.00 | 99.00 | OK |
Version: 0.5.2
Check: CRAN incoming feasibility
Result: NOTE
Maintainer: ‘Adam Spannbauer <spannbaueradam@gmail.com>’
No Authors@R field in DESCRIPTION.
Please add one, modifying
Authors@R: c(person(given = "Adam",
family = "Spannbauer",
role = c("aut", "cre"),
email = "spannbaueradam@gmail.com"),
person(given = "Bryan",
family = "White",
role = "ctb"))
as necessary.
Flavors: r-devel-linux-x86_64-debian-clang, r-devel-linux-x86_64-debian-gcc