CRAN Package Check Results for Package lfl

Last updated on 2025-04-30 04:50:10 CEST.

Flavor Version Tinstall Tcheck Ttotal Status Flags
r-devel-linux-x86_64-debian-clang 2.2.1 48.80 124.02 172.82 OK
r-devel-linux-x86_64-debian-gcc 2.2.1 34.89 84.96 119.85 OK
r-devel-linux-x86_64-fedora-clang 2.2.1 279.68 OK
r-devel-linux-x86_64-fedora-gcc 2.2.1 283.98 OK
r-devel-windows-x86_64 2.2.1 61.00 169.00 230.00 OK
r-patched-linux-x86_64 2.2.1 49.02 116.19 165.21 OK
r-release-linux-x86_64 2.2.1 46.21 116.40 162.61 OK
r-release-macos-arm64 2.2.1 93.00 OK
r-release-macos-x86_64 2.2.1 171.00 OK
r-release-windows-x86_64 2.2.1 62.00 159.00 221.00 OK
r-oldrel-macos-arm64 2.2.1 74.00 OK
r-oldrel-macos-x86_64 2.2.1 125.00 OK
r-oldrel-windows-x86_64 2.2.1 65.00 194.00 259.00 NOTE

Check Details

Version: 2.2.1
Check: package dependencies
Result: NOTE Package suggested but not available for checking: 'doMC' Flavor: r-oldrel-windows-x86_64