Last updated on 2025-02-21 03:52:16 CET.
Flavor | Version | Tinstall | Tcheck | Ttotal | Status | Flags |
---|---|---|---|---|---|---|
r-devel-linux-x86_64-debian-clang | 0.4.1 | 3.58 | 40.36 | 43.94 | OK | |
r-devel-linux-x86_64-debian-gcc | 0.4.1 | 2.82 | 28.45 | 31.27 | OK | |
r-devel-linux-x86_64-fedora-clang | 0.4.1 | 69.52 | OK | |||
r-devel-linux-x86_64-fedora-gcc | 0.4.1 | 67.34 | OK | |||
r-devel-macos-arm64 | 0.4.1 | 23.00 | OK | |||
r-devel-macos-x86_64 | 0.4.1 | 37.00 | OK | |||
r-devel-windows-x86_64 | 0.4.1 | 7.00 | 65.00 | 72.00 | OK | |
r-patched-linux-x86_64 | 0.4.1 | 5.16 | 37.51 | 42.67 | NOTE | |
r-release-linux-x86_64 | 0.4.1 | 3.60 | 37.26 | 40.86 | NOTE | |
r-release-macos-arm64 | 0.4.1 | 23.00 | NOTE | |||
r-release-macos-x86_64 | 0.4.1 | 37.00 | NOTE | |||
r-release-windows-x86_64 | 0.4.1 | 7.00 | 62.00 | 69.00 | NOTE | |
r-oldrel-macos-arm64 | 0.4.1 | 25.00 | NOTE | |||
r-oldrel-macos-x86_64 | 0.4.1 | 36.00 | NOTE | |||
r-oldrel-windows-x86_64 | 0.4.1 | 8.00 | 73.00 | 81.00 | NOTE |
Version: 0.4.1
Check: LazyData
Result: NOTE
'LazyData' is specified without a 'data' directory
Flavors: r-patched-linux-x86_64, r-release-linux-x86_64, r-release-macos-arm64, r-release-macos-x86_64, r-release-windows-x86_64, r-oldrel-macos-arm64, r-oldrel-macos-x86_64, r-oldrel-windows-x86_64