Last updated on 2025-04-30 04:50:10 CEST.
Flavor | Version | Tinstall | Tcheck | Ttotal | Status | Flags |
---|---|---|---|---|---|---|
r-devel-linux-x86_64-debian-clang | 0.0.9 | 13.63 | 43.78 | 57.41 | OK | |
r-devel-linux-x86_64-debian-gcc | 0.0.9 | 8.67 | 34.10 | 42.77 | OK | |
r-devel-linux-x86_64-fedora-clang | 0.0.9 | 87.59 | OK | |||
r-devel-linux-x86_64-fedora-gcc | 0.0.9 | 83.83 | OK | |||
r-devel-windows-x86_64 | 0.0.9 | 12.00 | 77.00 | 89.00 | OK | |
r-patched-linux-x86_64 | 0.0.9 | 12.81 | 39.98 | 52.79 | OK | |
r-release-linux-x86_64 | 0.0.9 | 11.80 | 40.07 | 51.87 | OK | |
r-release-macos-arm64 | 0.0.9 | 29.00 | OK | |||
r-release-macos-x86_64 | 0.0.9 | 58.00 | OK | |||
r-release-windows-x86_64 | 0.0.9 | 14.00 | 77.00 | 91.00 | OK | |
r-oldrel-macos-arm64 | 0.0.9 | 29.00 | OK | |||
r-oldrel-macos-x86_64 | 0.0.9 | 78.00 | OK | |||
r-oldrel-windows-x86_64 | 0.0.9 | 14.00 | 84.00 | 98.00 | NOTE |
Version: 0.0.9
Check: package dependencies
Result: NOTE
Package suggested but not available for checking: 'rsyslog'
Flavor: r-oldrel-windows-x86_64