Last updated on 2025-04-30 04:50:10 CEST.
Flavor | Version | Tinstall | Tcheck | Ttotal | Status | Flags |
---|---|---|---|---|---|---|
r-devel-linux-x86_64-debian-clang | 0.2.0 | 38.15 | 152.84 | 190.99 | NOTE | |
r-devel-linux-x86_64-debian-gcc | 0.2.0 | 29.82 | 97.00 | 126.82 | OK | |
r-devel-linux-x86_64-fedora-clang | 0.2.0 | 356.88 | OK | |||
r-devel-linux-x86_64-fedora-gcc | 0.2.0 | 354.02 | OK | |||
r-devel-windows-x86_64 | 0.2.0 | 44.00 | 202.00 | 246.00 | OK | |
r-patched-linux-x86_64 | 0.2.0 | 41.36 | 144.81 | 186.17 | OK | |
r-release-linux-x86_64 | 0.2.0 | 42.29 | 143.99 | 186.28 | OK | |
r-release-macos-arm64 | 0.2.0 | 80.00 | OK | |||
r-release-macos-x86_64 | 0.2.0 | 160.00 | OK | |||
r-release-windows-x86_64 | 0.2.0 | 48.00 | 189.00 | 237.00 | OK | |
r-oldrel-macos-arm64 | 0.2.0 | 82.00 | OK | |||
r-oldrel-macos-x86_64 | 0.2.0 | 153.00 | OK | |||
r-oldrel-windows-x86_64 | 0.2.0 | 55.00 | 248.00 | 303.00 | OK |
Version: 0.2.0
Check: examples
Result: NOTE
Examples with CPU (user + system) or elapsed time > 5s
user system elapsed
weibull_shur_correction 4.033 0.015 5.204
lgspline 3.829 0.047 5.247
Flavor: r-devel-linux-x86_64-debian-clang