Last updated on 2025-04-30 04:50:10 CEST.
Flavor | Version | Tinstall | Tcheck | Ttotal | Status | Flags |
---|---|---|---|---|---|---|
r-devel-linux-x86_64-debian-clang | 1.1.5 | 1.57 | 17.67 | 19.24 | NOTE | |
r-devel-linux-x86_64-debian-gcc | 1.1.5 | 1.36 | 14.78 | 16.14 | NOTE | |
r-devel-linux-x86_64-fedora-clang | 1.1.5 | 29.91 | OK | |||
r-devel-linux-x86_64-fedora-gcc | 1.1.5 | 28.61 | OK | |||
r-devel-windows-x86_64 | 1.1.5 | 3.00 | 40.00 | 43.00 | OK | |
r-patched-linux-x86_64 | 1.1.5 | 1.46 | 16.88 | 18.34 | OK | |
r-release-linux-x86_64 | 1.1.5 | 1.48 | 16.83 | 18.31 | OK | |
r-release-macos-arm64 | 1.1.5 | 15.00 | OK | |||
r-release-macos-x86_64 | 1.1.5 | 24.00 | OK | |||
r-release-windows-x86_64 | 1.1.5 | 2.00 | 45.00 | 47.00 | OK | |
r-oldrel-macos-arm64 | 1.1.5 | 15.00 | OK | |||
r-oldrel-macos-x86_64 | 1.1.5 | 20.00 | OK | |||
r-oldrel-windows-x86_64 | 1.1.5 | 3.00 | 39.00 | 42.00 | OK |
Version: 1.1.5
Check: CRAN incoming feasibility
Result: NOTE
Maintainer: ‘Arthur Allignol <arthur.allignol@gmail.com>’
No Authors@R field in DESCRIPTION.
Please add one, modifying
Authors@R: c(person(given = "R.",
family = "Gentleman",
role = "aut"),
person(given = "Arthur",
family = "Allignol",
role = "cre",
email = "arthur.allignol@gmail.com"))
as necessary.
Flavors: r-devel-linux-x86_64-debian-clang, r-devel-linux-x86_64-debian-gcc