Last updated on 2025-11-04 03:50:55 CET.
| Flavor | Version | Tinstall | Tcheck | Ttotal | Status | Flags | 
|---|---|---|---|---|---|---|
| r-devel-linux-x86_64-debian-clang | 1.0.5 | 13.17 | 27.56 | 40.73 | OK | |
| r-devel-linux-x86_64-debian-gcc | 1.0.5 | 9.64 | 22.95 | 32.59 | OK | |
| r-devel-linux-x86_64-fedora-clang | 1.0.5 | 75.00 | -2.83 | 72.17 | OK | |
| r-devel-linux-x86_64-fedora-gcc | 1.0.5 | 30.00 | 35.70 | 65.70 | OK | |
| r-devel-windows-x86_64 | 1.0.5 | 21.00 | 72.00 | 93.00 | OK | |
| r-patched-linux-x86_64 | 1.0.5 | 13.53 | 26.72 | 40.25 | OK | |
| r-release-linux-x86_64 | 1.0.5 | 13.79 | 26.37 | 40.16 | OK | |
| r-release-macos-arm64 | 1.0.5 | 8.00 | 22.00 | 30.00 | OK | |
| r-release-macos-x86_64 | 1.0.5 | 11.00 | 27.00 | 38.00 | OK | |
| r-release-windows-x86_64 | 1.0.5 | 21.00 | 73.00 | 94.00 | OK | |
| r-oldrel-macos-arm64 | 1.0.5 | 6.00 | 21.00 | 27.00 | OK | |
| r-oldrel-macos-x86_64 | 1.0.5 | 11.00 | 31.00 | 42.00 | NOTE | |
| r-oldrel-windows-x86_64 | 1.0.5 | 23.00 | 85.00 | 108.00 | OK | 
Version: 1.0.5
Check: installed package size
Result: NOTE
    installed size is  5.1Mb
    sub-directories of 1Mb or more:
      libs   4.9Mb
Flavor: r-oldrel-macos-x86_64