Last updated on 2025-04-30 04:50:10 CEST.
Flavor | Version | Tinstall | Tcheck | Ttotal | Status | Flags |
---|---|---|---|---|---|---|
r-devel-linux-x86_64-debian-clang | 0.1.0 | 20.47 | 37.37 | 57.84 | OK | |
r-devel-linux-x86_64-debian-gcc | 0.1.0 | 14.17 | 26.66 | 40.83 | OK | |
r-devel-linux-x86_64-fedora-clang | 0.1.0 | 103.90 | NOTE | |||
r-devel-linux-x86_64-fedora-gcc | 0.1.0 | 107.33 | NOTE | |||
r-devel-windows-x86_64 | 0.1.0 | 24.00 | 79.00 | 103.00 | OK | |
r-patched-linux-x86_64 | 0.1.0 | 16.81 | 35.71 | 52.52 | OK | |
r-release-linux-x86_64 | 0.1.0 | 17.55 | 36.37 | 53.92 | OK | |
r-release-macos-arm64 | 0.1.0 | 44.00 | OK | |||
r-release-macos-x86_64 | 0.1.0 | 63.00 | OK | |||
r-release-windows-x86_64 | 0.1.0 | 24.00 | 76.00 | 100.00 | OK | |
r-oldrel-macos-arm64 | 0.1.0 | 62.00 | OK | |||
r-oldrel-macos-x86_64 | 0.1.0 | 115.00 | OK | |||
r-oldrel-windows-x86_64 | 0.1.0 | 28.00 | 89.00 | 117.00 | OK |
Version: 0.1.0
Check: dependencies in R code
Result: NOTE
Namespace in Imports field not imported from: ‘RcppArmadillo’
All declared Imports should be used.
Flavors: r-devel-linux-x86_64-fedora-clang, r-devel-linux-x86_64-fedora-gcc