Last updated on 2025-04-30 04:50:10 CEST.
Flavor | Version | Tinstall | Tcheck | Ttotal | Status | Flags |
---|---|---|---|---|---|---|
r-devel-linux-x86_64-debian-clang | 4.6.0 | 450.12 | 141.76 | 591.88 | OK | |
r-devel-linux-x86_64-debian-gcc | 4.6.0 | 375.85 | 98.90 | 474.75 | OK | |
r-devel-linux-x86_64-fedora-clang | 4.6.0 | 1125.25 | OK | |||
r-devel-linux-x86_64-fedora-gcc | 4.6.0 | 1271.31 | OK | |||
r-devel-windows-x86_64 | 4.6.0 | 538.00 | 197.00 | 735.00 | OK | |
r-patched-linux-x86_64 | 4.6.0 | 530.48 | 164.46 | 694.94 | OK | |
r-release-linux-x86_64 | 4.6.0 | 526.31 | 165.22 | 691.53 | OK | |
r-release-macos-arm64 | 4.6.0 | 349.00 | OK | |||
r-release-macos-x86_64 | 4.6.0 | 410.00 | OK | |||
r-release-windows-x86_64 | 4.6.0 | 540.00 | 192.00 | 732.00 | OK | |
r-oldrel-macos-arm64 | 4.6.0 | 321.00 | NOTE | |||
r-oldrel-macos-x86_64 | 4.6.0 | 340.00 | NOTE | |||
r-oldrel-windows-x86_64 | 4.6.0 | 613.00 | 237.00 | 850.00 | NOTE |
Version: 4.6.0
Check: installed package size
Result: NOTE
installed size is 68.8Mb
sub-directories of 1Mb or more:
libs 68.2Mb
Flavors: r-oldrel-macos-arm64, r-oldrel-macos-x86_64, r-oldrel-windows-x86_64