CRAN Package Check Results for Package likert

Last updated on 2025-04-30 04:50:10 CEST.

Flavor Version Tinstall Tcheck Ttotal Status Flags
r-devel-linux-x86_64-debian-clang 1.3.5 8.15 66.99 75.14 NOTE
r-devel-linux-x86_64-debian-gcc 1.3.5 4.82 48.88 53.70 NOTE
r-devel-linux-x86_64-fedora-clang 1.3.5 107.13 OK
r-devel-linux-x86_64-fedora-gcc 1.3.5 115.68 OK
r-devel-windows-x86_64 1.3.5 10.00 91.00 101.00 NOTE
r-patched-linux-x86_64 1.3.5 8.13 64.49 72.62 NOTE
r-release-linux-x86_64 1.3.5 7.34 63.72 71.06 NOTE
r-release-macos-arm64 1.3.5 45.00 OK
r-release-macos-x86_64 1.3.5 72.00 OK
r-release-windows-x86_64 1.3.5 10.00 95.00 105.00 NOTE
r-oldrel-macos-arm64 1.3.5 39.00 OK
r-oldrel-macos-x86_64 1.3.5 59.00 OK
r-oldrel-windows-x86_64 1.3.5 10.00 105.00 115.00 OK

Check Details

Version: 1.3.5
Check: CRAN incoming feasibility
Result: NOTE Maintainer: ‘Jason Bryer <jason@bryer.org>’ No Authors@R field in DESCRIPTION. Please add one, modifying Authors@R: c(person(given = "Jason", family = "Bryer", role = c("aut", "cre"), email = "jason@bryer.org"), person(given = "Kimberly", family = "Speerschneider", role = "aut", email = "kimkspeer@gmail.com")) as necessary. Flavors: r-devel-linux-x86_64-debian-clang, r-devel-linux-x86_64-debian-gcc

Version: 1.3.5
Check: Rd cross-references
Result: NOTE Found the following Rd file(s) with Rd \link{} targets missing package anchors: plot.likert.Rd: theme plot.likert.gap.Rd: theme print.xlikert.Rd: print.xtable xtable.likert.Rd: xtable, print.xtable Please provide package anchors for all Rd \link{} targets not in the package itself and the base packages. Flavors: r-devel-linux-x86_64-debian-clang, r-devel-linux-x86_64-debian-gcc, r-devel-windows-x86_64, r-patched-linux-x86_64, r-release-linux-x86_64, r-release-windows-x86_64