Last updated on 2025-04-30 04:50:10 CEST.
Flavor | Version | Tinstall | Tcheck | Ttotal | Status | Flags |
---|---|---|---|---|---|---|
r-devel-linux-x86_64-debian-clang | 0.2.12 | 3.64 | 70.85 | 74.49 | NOTE | |
r-devel-linux-x86_64-debian-gcc | 0.2.12 | 3.30 | 49.34 | 52.64 | OK | |
r-devel-linux-x86_64-fedora-clang | 0.2.12 | 114.00 | OK | |||
r-devel-linux-x86_64-fedora-gcc | 0.2.12 | 120.08 | OK | |||
r-devel-windows-x86_64 | 0.2.12 | 7.00 | 103.00 | 110.00 | OK | |
r-patched-linux-x86_64 | 0.2.12 | 5.13 | 68.30 | 73.43 | OK | |
r-release-linux-x86_64 | 0.2.12 | 4.40 | 69.46 | 73.86 | OK | |
r-release-macos-arm64 | 0.2.12 | 44.00 | OK | |||
r-release-macos-x86_64 | 0.2.12 | 94.00 | OK | |||
r-release-windows-x86_64 | 0.2.12 | 7.00 | 104.00 | 111.00 | OK | |
r-oldrel-macos-arm64 | 0.2.12 | 37.00 | OK | |||
r-oldrel-macos-x86_64 | 0.2.12 | 59.00 | OK | |||
r-oldrel-windows-x86_64 | 0.2.12 | 8.00 | 126.00 | 134.00 | OK |
Version: 0.2.12
Check: examples
Result: NOTE
Examples with CPU (user + system) or elapsed time > 5s
user system elapsed
lyl_checkplot 5.302 0.045 7.100
lyl_compare_plot 5.153 0.008 6.728
lyl_2plot 4.029 0.156 5.097
lyl 3.842 0.161 5.188
Flavor: r-devel-linux-x86_64-debian-clang