Last updated on 2025-04-30 04:50:10 CEST.
Flavor | Version | Tinstall | Tcheck | Ttotal | Status | Flags |
---|---|---|---|---|---|---|
r-devel-linux-x86_64-debian-clang | 0.5.3 | 32.78 | 160.79 | 193.57 | NOTE | |
r-devel-linux-x86_64-debian-gcc | 0.5.3 | 23.58 | 111.69 | 135.27 | NOTE | |
r-devel-linux-x86_64-fedora-clang | 0.5.3 | 316.85 | OK | |||
r-devel-linux-x86_64-fedora-gcc | 0.5.3 | 325.37 | OK | |||
r-devel-windows-x86_64 | 0.5.3 | 40.00 | 189.00 | 229.00 | OK | |
r-patched-linux-x86_64 | 0.5.3 | 32.27 | 150.86 | 183.13 | NOTE | |
r-release-linux-x86_64 | 0.5.3 | 31.64 | 150.80 | 182.44 | NOTE | |
r-release-macos-arm64 | 0.5.3 | 127.00 | OK | |||
r-release-macos-x86_64 | 0.5.3 | 150.00 | OK | |||
r-release-windows-x86_64 | 0.5.3 | 38.00 | 182.00 | 220.00 | OK | |
r-oldrel-macos-arm64 | 0.5.3 | 86.00 | OK | |||
r-oldrel-macos-x86_64 | 0.5.3 | 125.00 | OK | |||
r-oldrel-windows-x86_64 | 0.5.3 | 45.00 | 225.00 | 270.00 | OK |
Version: 0.5.3
Check: CRAN incoming feasibility
Result: NOTE
Maintainer: ‘Emil Hvitfeldt <emilhhvitfeldt@gmail.com>’
The Description field contains
(2016) <arXiv:1602.04938>.
Please refer to arXiv e-prints via their arXiv DOI <doi:10.48550/arXiv.YYMM.NNNNN>.
Flavors: r-devel-linux-x86_64-debian-clang, r-devel-linux-x86_64-debian-gcc
Version: 0.5.3
Check: for unstated dependencies in ‘demo’
Result: NOTE
'library' or 'require' calls not declared from:
‘data.table’ ‘magrittr’ ‘purrr’
Flavors: r-devel-linux-x86_64-debian-clang, r-devel-linux-x86_64-debian-gcc, r-patched-linux-x86_64, r-release-linux-x86_64