Last updated on 2025-04-30 04:50:10 CEST.
Flavor | Version | Tinstall | Tcheck | Ttotal | Status | Flags |
---|---|---|---|---|---|---|
r-devel-linux-x86_64-debian-clang | 1.2 | 3.42 | 27.99 | 31.41 | NOTE | |
r-devel-linux-x86_64-debian-gcc | 1.2 | 2.22 | 22.95 | 25.17 | NOTE | |
r-devel-linux-x86_64-fedora-clang | 1.2 | 49.71 | OK | |||
r-devel-linux-x86_64-fedora-gcc | 1.2 | 61.60 | OK | |||
r-devel-windows-x86_64 | 1.2 | 6.00 | 54.00 | 60.00 | OK | |
r-patched-linux-x86_64 | 1.2 | 2.77 | 27.03 | 29.80 | OK | |
r-release-linux-x86_64 | 1.2 | 2.71 | 27.17 | 29.88 | OK | |
r-release-macos-arm64 | 1.2 | 24.00 | OK | |||
r-release-macos-x86_64 | 1.2 | 45.00 | OK | |||
r-release-windows-x86_64 | 1.2 | 6.00 | 51.00 | 57.00 | OK | |
r-oldrel-macos-arm64 | 1.2 | 31.00 | OK | |||
r-oldrel-macos-x86_64 | 1.2 | 93.00 | OK | |||
r-oldrel-windows-x86_64 | 1.2 | 6.00 | 51.00 | 57.00 | OK |
Version: 1.2
Check: CRAN incoming feasibility
Result: NOTE
Maintainer: ‘Yijian Huang <yhuang5@emory.edu>’
No Authors@R field in DESCRIPTION.
Please add one, modifying
Authors@R: person(given = "Yijian",
family = "Huang",
role = c("aut", "cre"),
email = "yhuang5@emory.edu")
as necessary.
Flavors: r-devel-linux-x86_64-debian-clang, r-devel-linux-x86_64-debian-gcc