Last updated on 2025-04-30 04:50:10 CEST.
Flavor | Version | Tinstall | Tcheck | Ttotal | Status | Flags |
---|---|---|---|---|---|---|
r-devel-linux-x86_64-debian-clang | 0.1 | 21.25 | 23.27 | 44.52 | NOTE | |
r-devel-linux-x86_64-debian-gcc | 0.1 | 17.10 | 19.11 | 36.21 | NOTE | |
r-devel-linux-x86_64-fedora-clang | 0.1 | 85.12 | NOTE | |||
r-devel-linux-x86_64-fedora-gcc | 0.1 | 84.29 | NOTE | |||
r-devel-windows-x86_64 | 0.1 | 29.00 | 63.00 | 92.00 | NOTE | |
r-patched-linux-x86_64 | 0.1 | 23.70 | 22.46 | 46.16 | NOTE | |
r-release-linux-x86_64 | 0.1 | 25.40 | 22.49 | 47.89 | NOTE | |
r-release-macos-arm64 | 0.1 | 25.00 | NOTE | |||
r-release-macos-x86_64 | 0.1 | 45.00 | NOTE | |||
r-release-windows-x86_64 | 0.1 | 29.00 | 63.00 | 92.00 | NOTE | |
r-oldrel-macos-arm64 | 0.1 | 26.00 | NOTE | |||
r-oldrel-macos-x86_64 | 0.1 | 33.00 | NOTE | |||
r-oldrel-windows-x86_64 | 0.1 | 34.00 | 74.00 | 108.00 | NOTE |
Version: 0.1
Check: CRAN incoming feasibility
Result: NOTE
Maintainer: ‘Yunyi Shen <yshen99@wisc.edu>’
The Description field contains
Linear Domain Constraints. 108. <arxiv:1910.09328>.
Please refer to arXiv e-prints via their arXiv DOI <doi:10.48550/arXiv.YYMM.NNNNN>.
Flavors: r-devel-linux-x86_64-debian-clang, r-devel-linux-x86_64-debian-gcc
Version: 0.1
Check: C++ specification
Result: NOTE
Specified C++11: please drop specification unless essential
Flavors: r-devel-linux-x86_64-debian-clang, r-devel-linux-x86_64-debian-gcc, r-devel-linux-x86_64-fedora-clang, r-devel-linux-x86_64-fedora-gcc, r-devel-windows-x86_64, r-patched-linux-x86_64, r-release-linux-x86_64, r-release-macos-arm64, r-release-macos-x86_64, r-release-windows-x86_64, r-oldrel-macos-arm64, r-oldrel-macos-x86_64, r-oldrel-windows-x86_64