Last updated on 2025-04-30 04:50:10 CEST.
Flavor | Version | Tinstall | Tcheck | Ttotal | Status | Flags |
---|---|---|---|---|---|---|
r-devel-linux-x86_64-debian-clang | 0.6 | 18.14 | 77.48 | 95.62 | NOTE | |
r-devel-linux-x86_64-debian-gcc | 0.6 | 12.94 | 53.19 | 66.13 | NOTE | |
r-devel-linux-x86_64-fedora-clang | 0.6 | 175.96 | OK | |||
r-devel-linux-x86_64-fedora-gcc | 0.6 | 156.15 | OK | |||
r-devel-windows-x86_64 | 0.6 | 23.00 | 128.00 | 151.00 | OK | |
r-patched-linux-x86_64 | 0.6 | 19.18 | 68.46 | 87.64 | OK | |
r-release-linux-x86_64 | 0.6 | 18.65 | 69.48 | 88.13 | OK | |
r-release-macos-arm64 | 0.6 | 52.00 | OK | |||
r-release-macos-x86_64 | 0.6 | 124.00 | OK | |||
r-release-windows-x86_64 | 0.6 | 21.00 | 140.00 | 161.00 | OK | |
r-oldrel-macos-arm64 | 0.6 | 49.00 | OK | |||
r-oldrel-macos-x86_64 | 0.6 | 79.00 | OK | |||
r-oldrel-windows-x86_64 | 0.6 | 22.00 | 153.00 | 175.00 | OK |
Version: 0.6
Check: examples
Result: NOTE
Examples with CPU (user + system) or elapsed time > 5s
user system elapsed
corr_betw_matrices 7.435 0.038 9.071
hist_self_nonself 3.841 0.008 5.387
Flavor: r-devel-linux-x86_64-debian-clang
Version: 0.6
Check: examples
Result: NOTE
Examples with CPU (user + system) or elapsed time > 5s
user system elapsed
corr_betw_matrices 4.733 0.082 5.288
Flavor: r-devel-linux-x86_64-debian-gcc