CRAN Package Check Results for Package lingtypology

Last updated on 2025-04-30 04:50:10 CEST.

Flavor Version Tinstall Tcheck Ttotal Status Flags
r-devel-linux-x86_64-debian-clang 1.1.20 6.49 75.61 82.10 NOTE
r-devel-linux-x86_64-debian-gcc 1.1.20 5.19 57.43 62.62 NOTE
r-devel-linux-x86_64-fedora-clang 1.1.20 129.87 NOTE
r-devel-linux-x86_64-fedora-gcc 1.1.20 142.58 NOTE
r-devel-windows-x86_64 1.1.20 9.00 120.00 129.00 NOTE
r-patched-linux-x86_64 1.1.20 7.85 73.11 80.96 NOTE
r-release-linux-x86_64 1.1.20 6.26 72.71 78.97 NOTE
r-release-macos-arm64 1.1.20 67.00 NOTE
r-release-macos-x86_64 1.1.20 105.00 NOTE
r-release-windows-x86_64 1.1.20 10.00 122.00 132.00 NOTE
r-oldrel-macos-arm64 1.1.20 55.00 OK
r-oldrel-macos-x86_64 1.1.20 89.00 OK
r-oldrel-windows-x86_64 1.1.20 12.00 133.00 145.00 OK

Check Details

Version: 1.1.20
Check: DESCRIPTION meta-information
Result: NOTE Missing dependency on R >= 4.1.0 because package code uses the pipe |> or function shorthand \(...) syntax added in R 4.1.0. File(s) using such syntax: ‘map.feature.R’ Flavors: r-devel-linux-x86_64-debian-clang, r-devel-linux-x86_64-debian-gcc, r-devel-linux-x86_64-fedora-clang, r-devel-linux-x86_64-fedora-gcc, r-devel-windows-x86_64, r-patched-linux-x86_64, r-release-linux-x86_64, r-release-macos-arm64, r-release-macos-x86_64, r-release-windows-x86_64