CRAN Package Check Results for Package linne

Last updated on 2025-04-30 04:50:10 CEST.

Flavor Version Tinstall Tcheck Ttotal Status Flags
r-devel-linux-x86_64-debian-clang 0.0.2 3.78 49.52 53.30 OK
r-devel-linux-x86_64-debian-gcc 0.0.2 3.00 39.69 42.69 OK
r-devel-linux-x86_64-fedora-clang 0.0.2 82.69 NOTE
r-devel-linux-x86_64-fedora-gcc 0.0.2 95.37 NOTE
r-devel-windows-x86_64 0.0.2 5.00 75.00 80.00 OK
r-patched-linux-x86_64 0.0.2 3.81 46.40 50.21 OK
r-release-linux-x86_64 0.0.2 4.17 46.35 50.52 OK
r-release-macos-arm64 0.0.2 65.00 OK
r-release-macos-x86_64 0.0.2 75.00 OK
r-release-windows-x86_64 0.0.2 5.00 74.00 79.00 OK
r-oldrel-macos-arm64 0.0.2 36.00 NOTE
r-oldrel-macos-x86_64 0.0.2 53.00 NOTE
r-oldrel-windows-x86_64 0.0.2 7.00 78.00 85.00 NOTE

Check Details

Version: 0.0.2
Check: dependencies in R code
Result: NOTE Namespace in Imports field not imported from: ‘R6’ All declared Imports should be used. Flavors: r-devel-linux-x86_64-fedora-clang, r-devel-linux-x86_64-fedora-gcc

Version: 0.0.2
Check: LazyData
Result: NOTE 'LazyData' is specified without a 'data' directory Flavors: r-oldrel-macos-arm64, r-oldrel-macos-x86_64, r-oldrel-windows-x86_64