CRAN Package Check Results for Package listcompr

Last updated on 2025-04-30 04:50:10 CEST.

Flavor Version Tinstall Tcheck Ttotal Status Flags
r-devel-linux-x86_64-debian-clang 0.4.0 2.30 35.41 37.71 NOTE
r-devel-linux-x86_64-debian-gcc 0.4.0 1.93 25.83 27.76 NOTE
r-devel-linux-x86_64-fedora-clang 0.4.0 62.34 OK
r-devel-linux-x86_64-fedora-gcc 0.4.0 73.98 OK
r-devel-windows-x86_64 0.4.0 3.00 57.00 60.00 OK
r-patched-linux-x86_64 0.4.0 2.35 33.52 35.87 OK
r-release-linux-x86_64 0.4.0 1.74 33.75 35.49 OK
r-release-macos-arm64 0.4.0 25.00 OK
r-release-macos-x86_64 0.4.0 53.00 OK
r-release-windows-x86_64 0.4.0 3.00 55.00 58.00 OK
r-oldrel-macos-arm64 0.4.0 24.00 OK
r-oldrel-macos-x86_64 0.4.0 39.00 OK
r-oldrel-windows-x86_64 0.4.0 4.00 62.00 66.00 OK

Check Details

Version: 0.4.0
Check: CRAN incoming feasibility
Result: NOTE Maintainer: ‘Patrick Roocks <mail@p-roocks.de>’ No Authors@R field in DESCRIPTION. Please add one, modifying Authors@R: person(given = "Patrick", family = "Roocks", role = c("aut", "cre"), email = "mail@p-roocks.de") as necessary. Flavors: r-devel-linux-x86_64-debian-clang, r-devel-linux-x86_64-debian-gcc