Last updated on 2025-02-21 03:52:16 CET.
Flavor | Version | Tinstall | Tcheck | Ttotal | Status | Flags |
---|---|---|---|---|---|---|
r-devel-linux-x86_64-debian-clang | 0.5.7 | 5.28 | 55.01 | 60.29 | NOTE | |
r-devel-linux-x86_64-debian-gcc | 0.5.7 | 3.87 | 40.87 | 44.74 | NOTE | |
r-devel-linux-x86_64-fedora-clang | 0.5.7 | 94.83 | NOTE | |||
r-devel-linux-x86_64-fedora-gcc | 0.5.7 | 104.87 | NOTE | |||
r-devel-macos-arm64 | 0.5.7 | 37.00 | NOTE | |||
r-devel-macos-x86_64 | 0.5.7 | 96.00 | NOTE | |||
r-devel-windows-x86_64 | 0.5.7 | 7.00 | 87.00 | 94.00 | NOTE | |
r-patched-linux-x86_64 | 0.5.7 | 5.53 | 51.41 | 56.94 | NOTE | |
r-release-linux-x86_64 | 0.5.7 | 4.70 | 51.38 | 56.08 | NOTE | |
r-release-macos-arm64 | 0.5.7 | 36.00 | NOTE | |||
r-release-macos-x86_64 | 0.5.7 | 58.00 | NOTE | |||
r-release-windows-x86_64 | 0.5.7 | 8.00 | 79.00 | 87.00 | NOTE | |
r-oldrel-macos-arm64 | 0.5.7 | 40.00 | OK | |||
r-oldrel-macos-x86_64 | 0.5.7 | 56.00 | OK | |||
r-oldrel-windows-x86_64 | 0.5.7 | 7.00 | 111.00 | 118.00 | OK |
Version: 0.5.7
Check: Rd files
Result: NOTE
checkRd: (-1) ld_build_html_site.Rd:41: Lost braces
41 | directory specified by `rmd_dir`. Note that this is an {{rmarkdown}}
| ^
checkRd: (-1) ld_create_doc.Rd:29: Lost braces
29 | directory specified by `rmd_dir`. Note that this is an {{rmarkdown}}
| ^
Flavors: r-devel-linux-x86_64-debian-clang, r-devel-linux-x86_64-debian-gcc, r-devel-linux-x86_64-fedora-clang, r-devel-linux-x86_64-fedora-gcc, r-devel-macos-arm64, r-devel-macos-x86_64, r-devel-windows-x86_64, r-patched-linux-x86_64, r-release-linux-x86_64, r-release-macos-arm64, r-release-macos-x86_64, r-release-windows-x86_64