Last updated on 2025-04-30 04:50:10 CEST.
Flavor | Version | Tinstall | Tcheck | Ttotal | Status | Flags |
---|---|---|---|---|---|---|
r-devel-linux-x86_64-debian-clang | 0.7 | 6.62 | 41.94 | 48.56 | NOTE | |
r-devel-linux-x86_64-debian-gcc | 0.7 | 3.90 | 30.86 | 34.76 | NOTE | |
r-devel-linux-x86_64-fedora-clang | 0.7 | 79.98 | OK | |||
r-devel-linux-x86_64-fedora-gcc | 0.7 | 84.47 | OK | |||
r-devel-windows-x86_64 | 0.7 | 8.00 | 66.00 | 74.00 | OK | |
r-patched-linux-x86_64 | 0.7 | 6.14 | 38.06 | 44.20 | OK | |
r-release-linux-x86_64 | 0.7 | 4.85 | 37.61 | 42.46 | OK | |
r-release-macos-arm64 | 0.7 | 80.00 | OK | |||
r-release-macos-x86_64 | 0.7 | 113.00 | OK | |||
r-release-windows-x86_64 | 0.7 | 7.00 | 61.00 | 68.00 | OK | |
r-oldrel-macos-arm64 | 0.7 | 72.00 | OK | |||
r-oldrel-macos-x86_64 | 0.7 | 128.00 | OK | |||
r-oldrel-windows-x86_64 | 0.7 | 9.00 | 63.00 | 72.00 | OK |
Version: 0.7
Check: DESCRIPTION meta-information
Result: NOTE
Author field differs from that derived from Authors@R
Author: ‘Yihui Xie [aut, cre] (<https://orcid.org/0000-0003-0645-5666>, https://yihui.org), Tim Taylor [ctb] (<https://orcid.org/0000-0002-8587-7113>)’
Authors@R: ‘Yihui Xie [aut, cre] (ORCID: <https://orcid.org/0000-0003-0645-5666>, URL: https://yihui.org), Tim Taylor [ctb] (ORCID: <https://orcid.org/0000-0002-8587-7113>)’
Flavors: r-devel-linux-x86_64-debian-clang, r-devel-linux-x86_64-debian-gcc