CRAN Package Check Results for Package liteq

Last updated on 2025-04-30 04:50:10 CEST.

Flavor Version Tinstall Tcheck Ttotal Status Flags
r-devel-linux-x86_64-debian-clang 1.1.0 3.69 37.76 41.45 NOTE
r-devel-linux-x86_64-debian-gcc 1.1.0 3.07 29.28 32.35 NOTE
r-devel-linux-x86_64-fedora-clang 1.1.0 63.62 OK
r-devel-linux-x86_64-fedora-gcc 1.1.0 62.55 OK
r-devel-windows-x86_64 1.1.0 6.00 60.00 66.00 OK
r-patched-linux-x86_64 1.1.0 4.79 35.10 39.89 OK
r-release-linux-x86_64 1.1.0 4.45 34.93 39.38 OK
r-release-macos-arm64 1.1.0 34.00 OK
r-release-macos-x86_64 1.1.0 43.00 OK
r-release-windows-x86_64 1.1.0 6.00 59.00 65.00 OK
r-oldrel-macos-arm64 1.1.0 22.00 NOTE
r-oldrel-macos-x86_64 1.1.0 33.00 NOTE
r-oldrel-windows-x86_64 1.1.0 6.00 64.00 70.00 NOTE

Check Details

Version: 1.1.0
Check: CRAN incoming feasibility
Result: NOTE Maintainer: ‘Gábor Csárdi <csardi.gabor@gmail.com>’ No Authors@R field in DESCRIPTION. Please add one, modifying Authors@R: person(given = "Gábor", family = "Csárdi", role = c("aut", "cre"), email = "csardi.gabor@gmail.com") as necessary. Flavors: r-devel-linux-x86_64-debian-clang, r-devel-linux-x86_64-debian-gcc

Version: 1.1.0
Check: LazyData
Result: NOTE 'LazyData' is specified without a 'data' directory Flavors: r-oldrel-macos-arm64, r-oldrel-macos-x86_64, r-oldrel-windows-x86_64