Last updated on 2025-04-30 04:50:10 CEST.
Flavor | Version | Tinstall | Tcheck | Ttotal | Status | Flags |
---|---|---|---|---|---|---|
r-devel-linux-x86_64-debian-clang | 0.1.1 | 57.52 | 29.61 | 87.13 | OK | |
r-devel-linux-x86_64-debian-gcc | 0.1.1 | 51.64 | 23.33 | 74.97 | OK | |
r-devel-linux-x86_64-fedora-clang | 0.1.1 | 134.36 | OK | |||
r-devel-linux-x86_64-fedora-gcc | 0.1.1 | 182.41 | OK | |||
r-devel-windows-x86_64 | 0.1.1 | 62.00 | 76.00 | 138.00 | OK | |
r-patched-linux-x86_64 | 0.1.1 | 70.20 | 27.11 | 97.31 | OK | |
r-release-linux-x86_64 | 0.1.1 | 69.79 | 27.32 | 97.11 | OK | |
r-release-macos-arm64 | 0.1.1 | 41.00 | OK | |||
r-release-macos-x86_64 | 0.1.1 | 77.00 | OK | |||
r-release-windows-x86_64 | 0.1.1 | 64.00 | 76.00 | 140.00 | OK | |
r-oldrel-macos-arm64 | 0.1.1 | 48.00 | NOTE | |||
r-oldrel-macos-x86_64 | 0.1.1 | 62.00 | NOTE | |||
r-oldrel-windows-x86_64 | 0.1.1 | 58.00 | 82.00 | 140.00 | OK |
Version: 0.1.1
Check: installed package size
Result: NOTE
installed size is 10.4Mb
sub-directories of 1Mb or more:
libs 10.3Mb
Flavors: r-oldrel-macos-arm64, r-oldrel-macos-x86_64