CRAN Package Check Results for Package lm.beta

Last updated on 2025-04-30 04:50:10 CEST.

Flavor Version Tinstall Tcheck Ttotal Status Flags
r-devel-linux-x86_64-debian-clang 1.7-2 1.79 26.82 28.61 NOTE
r-devel-linux-x86_64-debian-gcc 1.7-2 1.37 22.27 23.64 NOTE
r-devel-linux-x86_64-fedora-clang 1.7-2 46.31 OK
r-devel-linux-x86_64-fedora-gcc 1.7-2 59.89 OK
r-devel-windows-x86_64 1.7-2 3.00 75.00 78.00 NOTE
r-patched-linux-x86_64 1.7-2 1.77 26.04 27.81 NOTE
r-release-linux-x86_64 1.7-2 1.53 26.00 27.53 NOTE
r-release-macos-arm64 1.7-2 33.00 OK
r-release-macos-x86_64 1.7-2 52.00 OK
r-release-windows-x86_64 1.7-2 3.00 76.00 79.00 NOTE
r-oldrel-macos-arm64 1.7-2 39.00 OK
r-oldrel-macos-x86_64 1.7-2 68.00 OK
r-oldrel-windows-x86_64 1.7-2 4.00 70.00 74.00 OK

Check Details

Version: 1.7-2
Check: Rd cross-references
Result: NOTE Found the following Rd file(s) with Rd \link{} targets missing package anchors: xtable.lm.beta.Rd: xtable Please provide package anchors for all Rd \link{} targets not in the package itself and the base packages. Flavors: r-devel-linux-x86_64-debian-clang, r-devel-linux-x86_64-debian-gcc, r-devel-windows-x86_64, r-patched-linux-x86_64, r-release-linux-x86_64, r-release-windows-x86_64