Last updated on 2025-04-30 04:50:10 CEST.
Flavor | Version | Tinstall | Tcheck | Ttotal | Status | Flags |
---|---|---|---|---|---|---|
r-devel-linux-x86_64-debian-clang | 2.9.8 | 104.86 | 53.04 | 157.90 | OK | |
r-devel-linux-x86_64-debian-gcc | 2.9.8 | 70.04 | 39.37 | 109.41 | OK | |
r-devel-linux-x86_64-fedora-clang | 2.9.8 | 330.44 | OK | |||
r-devel-linux-x86_64-fedora-gcc | 2.9.8 | 299.11 | OK | |||
r-devel-windows-x86_64 | 2.9.8 | 122.00 | 124.00 | 246.00 | OK | |
r-patched-linux-x86_64 | 2.9.8 | 96.17 | 51.29 | 147.46 | OK | |
r-release-linux-x86_64 | 2.9.8 | 97.77 | 50.81 | 148.58 | OK | |
r-release-macos-arm64 | 2.9.8 | 71.00 | OK | |||
r-release-macos-x86_64 | 2.9.8 | 106.00 | OK | |||
r-release-windows-x86_64 | 2.9.8 | 121.00 | 125.00 | 246.00 | OK | |
r-oldrel-macos-arm64 | 2.9.8 | 88.00 | OK | |||
r-oldrel-macos-x86_64 | 2.9.8 | 120.00 | NOTE | |||
r-oldrel-windows-x86_64 | 2.9.8 | 131.00 | 142.00 | 273.00 | OK |
Version: 2.9.8
Check: installed package size
Result: NOTE
installed size is 5.1Mb
sub-directories of 1Mb or more:
libs 4.7Mb
Flavor: r-oldrel-macos-x86_64