Last updated on 2025-04-30 04:50:10 CEST.
Flavor | Version | Tinstall | Tcheck | Ttotal | Status | Flags |
---|---|---|---|---|---|---|
r-devel-linux-x86_64-debian-clang | 0.1.0 | 8.07 | 75.39 | 83.46 | NOTE | |
r-devel-linux-x86_64-debian-gcc | 0.1.0 | 5.83 | 58.09 | 63.92 | NOTE | |
r-devel-linux-x86_64-fedora-clang | 0.1.0 | 143.19 | NOTE | |||
r-devel-linux-x86_64-fedora-gcc | 0.1.0 | 134.07 | NOTE | |||
r-devel-windows-x86_64 | 0.1.0 | 10.00 | 87.00 | 97.00 | OK | |
r-patched-linux-x86_64 | 0.1.0 | 8.33 | 71.53 | 79.86 | OK | |
r-release-linux-x86_64 | 0.1.0 | 8.09 | 71.39 | 79.48 | OK | |
r-release-macos-arm64 | 0.1.0 | 55.00 | OK | |||
r-release-macos-x86_64 | 0.1.0 | 73.00 | OK | |||
r-release-windows-x86_64 | 0.1.0 | 9.00 | 87.00 | 96.00 | OK | |
r-oldrel-macos-arm64 | 0.1.0 | 40.00 | NOTE | |||
r-oldrel-macos-x86_64 | 0.1.0 | 66.00 | NOTE | |||
r-oldrel-windows-x86_64 | 0.1.0 | 12.00 | 101.00 | 113.00 | NOTE |
Version: 0.1.0
Check: DESCRIPTION meta-information
Result: NOTE
Author field differs from that derived from Authors@R
Author: ‘Robrecht Cannoodt [aut, cre] (<https://orcid.org/0000-0003-3641-729X>, rcannood), Wouter Saelens [aut] (<https://orcid.org/0000-0002-7114-6248>, zouter)’
Authors@R: ‘Robrecht Cannoodt [aut, cre] (ORCID: <https://orcid.org/0000-0003-3641-729X>, github: rcannood), Wouter Saelens [aut] (ORCID: <https://orcid.org/0000-0002-7114-6248>, github: zouter)’
Flavors: r-devel-linux-x86_64-debian-clang, r-devel-linux-x86_64-debian-gcc
Version: 0.1.0
Check: dependencies in R code
Result: NOTE
Namespace in Imports field not imported from: ‘Matrix’
All declared Imports should be used.
Flavors: r-devel-linux-x86_64-fedora-clang, r-devel-linux-x86_64-fedora-gcc
Version: 0.1.0
Check: LazyData
Result: NOTE
'LazyData' is specified without a 'data' directory
Flavors: r-oldrel-macos-arm64, r-oldrel-macos-x86_64, r-oldrel-windows-x86_64