CRAN Package Check Results for Package lme4

Last updated on 2025-04-30 04:50:10 CEST.

Flavor Version Tinstall Tcheck Ttotal Status Flags
r-devel-linux-x86_64-debian-clang 1.1-37 73.07 466.77 539.84 NOTE
r-devel-linux-x86_64-debian-gcc 1.1-37 56.18 322.01 378.19 NOTE
r-devel-linux-x86_64-fedora-clang 1.1-37 938.07 NOTE
r-devel-linux-x86_64-fedora-gcc 1.1-37 953.61 NOTE
r-devel-windows-x86_64 1.1-37 83.00 402.00 485.00 NOTE
r-patched-linux-x86_64 1.1-37 83.16 442.74 525.90 NOTE
r-release-linux-x86_64 1.1-37 78.90 445.31 524.21 NOTE
r-release-macos-arm64 1.1-37 259.00 NOTE
r-release-macos-x86_64 1.1-37 575.00 NOTE
r-release-windows-x86_64 1.1-37 82.00 404.00 486.00 NOTE
r-oldrel-macos-arm64 1.1-37 223.00 NOTE
r-oldrel-macos-x86_64 1.1-37 390.00 NOTE
r-oldrel-windows-x86_64 1.1-37 97.00 502.00 599.00 NOTE

Check Details

Version: 1.1-37
Check: compiled code
Result: NOTE File ‘lme4/libs/lme4.so’: Found non-API call to R: ‘CLOENV’ Compiled code should not call non-API entry points in R. See ‘Writing portable packages’ in the ‘Writing R Extensions’ manual, and section ‘Moving into C API compliance’ for issues with the use of non-API entry points. Flavors: r-devel-linux-x86_64-debian-clang, r-devel-linux-x86_64-debian-gcc, r-devel-linux-x86_64-fedora-clang, r-devel-linux-x86_64-fedora-gcc, r-patched-linux-x86_64, r-release-linux-x86_64, r-release-macos-arm64, r-release-macos-x86_64

Version: 1.1-37
Check: compiled code
Result: NOTE File 'lme4/libs/x64/lme4.dll': Found non-API call to R: 'CLOENV' Compiled code should not call non-API entry points in R. See 'Writing portable packages' in the 'Writing R Extensions' manual, and section 'Moving into C API compliance' for issues with the use of non-API entry points. Flavors: r-devel-windows-x86_64, r-release-windows-x86_64

Version: 1.1-37
Check: installed package size
Result: NOTE installed size is 27.4Mb sub-directories of 1Mb or more: R 1.5Mb doc 1.6Mb libs 22.2Mb testdata 1.3Mb Flavors: r-oldrel-macos-arm64, r-oldrel-macos-x86_64, r-oldrel-windows-x86_64